{"id":444,"date":"2023-02-01T16:46:16","date_gmt":"2023-02-01T15:46:16","guid":{"rendered":"http:\/\/sf-germany.com\/einheiten\/usb-midgard\/?page_id=444"},"modified":"2023-02-01T16:46:16","modified_gmt":"2023-02-01T15:46:16","slug":"bio-eleven","status":"publish","type":"page","link":"https:\/\/sf-germany.com\/einheiten\/usb-midgard\/usb-midgard-sb-61\/die-crew\/tkary\/bio-eleven\/","title":{"rendered":"Eleven"},"content":{"rendered":"<table style=\"background: none; border: 0px solid #ffffff; font-weight: bold;\" border=\"0\" width=\"95%\" cellspacing=\"5\" cellpadding=\"5\" align=\"center\">\n<tbody>\n<tr>\n<td style=\"background: none; border-radius: 1em; border: 0px solid #003366; box-shadow: 0.1em 0.1em 0.5em rgba(0,0,0,0.75); -webkit-border-radius: 1em; -moz-border-radius: 1em; -moz-box-shadow: 0.1em 0.1em 0.5em rgba(0, 0, 0, 0.75); -webkit-box-shadow: 0.1em 0.1em 0.5em rgba(0, 0, 0, 0.75);\" colspan=\"5\" rowspan=\"3\" align=\"center\" valign=\"middle\">\n<h2><span style=\"font-family: georgia, palatino;\"><strong>Eleven of Thirteen<\/strong><\/span><\/h2>\n<\/td>\n<\/tr>\n<\/tbody>\n<\/table>\n<p>&nbsp;<\/p>\n<div style=\"float: right; margin-right: 15px; margin-bottom: 15px; font-size: 11px; width: 300px; padding-left: 10px; padding-right: 10px;\">\n<table style=\"background: none; border: 0px solid #003366; margin-bottom: 15px; margin-right: 15px; float: left; border-radius: 1em; box-shadow: rgba(0, 0, 0, 0.75) 0.1em 0.1em 0.5em; width: 82.668%;\" border=\"1\" width=\"250\" cellspacing=\"10\" align=\"left\">\n<tbody>\n<tr>\n<td style=\"border: 0px solid transparent; font-weight: bold; width: 87.9518%;\" colspan=\"2\" align=\"center\" width=\"250\"><span style=\"font-family: georgia, palatino;\"><a href=\"https:\/\/sf-germany.com\/einheiten\/usb-midgard\/wp-content\/uploads\/2023\/02\/Eleven.png\" rel=\"lightbox-0\"><img loading=\"lazy\" decoding=\"async\" class=\"aligncenter wp-image-124\" src=\"https:\/\/sf-germany.com\/einheiten\/usb-midgard\/wp-content\/uploads\/2023\/02\/Eleven.png\" alt=\"\" width=\"150\" height=\"225\" \/><\/a><\/span><\/td>\n<\/tr>\n<tr>\n<td style=\"border: 0px solid transparent; font-weight: bold; width: 87.9518%;\" colspan=\"2\" align=\"center\" width=\"250\"><span style=\"font-family: georgia, palatino;\">Eleven of Thirteen<\/span><\/td>\n<\/tr>\n<tr>\n<td style=\"border: 0px solid transparent; font-weight: bold; width: 41.3655%;\" align=\"right\" width=\"111\"><span style=\"font-family: georgia, palatino;\">Status<\/span><\/td>\n<td style=\"border: 0px solid transparent; width: 46.5863%;\" align=\"left\" width=\"129\"><span style=\"font-family: georgia, palatino;\">NPC 1<\/span><\/td>\n<\/tr>\n<tr>\n<td style=\"border: 0px solid transparent; font-weight: bold; width: 41.3655%;\" align=\"right\" width=\"111\"><span style=\"font-family: georgia, palatino;\">Spieler<\/span><\/td>\n<td style=\"border: 0px solid transparent; width: 46.5863%;\" align=\"left\" width=\"129\"><span style=\"font-family: georgia, palatino;\">Isabelle<\/span><\/td>\n<\/tr>\n<tr>\n<td style=\"background: #555555; border: 0px solid #003366; font-weight: bold; border-radius: 1em; box-shadow: rgba(0, 0, 0, 0.75) 0.1em 0.1em 0.5em; width: 87.9518%;\" colspan=\"2\" align=\"center\" width=\"240\"><span style=\"font-family: georgia, palatino;\">Dienstliche Informationen<\/span><\/td>\n<\/tr>\n<tr>\n<td style=\"border: 0px solid transparent; font-weight: bold; vertical-align: middle; width: 41.3655%;\" align=\"right\" width=\"111\"><span style=\"font-family: georgia, palatino;\">Ranggrafik<\/span><\/td>\n<td style=\"border: 0px solid transparent; width: 46.5863%;\" align=\"left\" width=\"129\"><span style=\"font-family: georgia, palatino;\"><a href=\"https:\/\/sf-germany.com\/einheiten\/usb-midgard\/wp-content\/uploads\/2022\/10\/ens_gelb.png\" rel=\"lightbox-1\"><img loading=\"lazy\" decoding=\"async\" class=\"alignnone wp-image-123\" src=\"https:\/\/sf-germany.com\/einheiten\/usb-midgard\/wp-content\/uploads\/2022\/10\/ens_gelb.png\" alt=\"\" width=\"100\" height=\"25\" \/><\/a><\/span><\/td>\n<\/tr>\n<tr>\n<td style=\"border: 0px solid transparent; font-weight: bold; width: 41.3655%;\" align=\"right\" width=\"111\"><span style=\"font-family: georgia, palatino;\">Rang<\/span><\/td>\n<td style=\"border: 0px solid transparent; width: 46.5863%;\" align=\"left\" width=\"129\">Ensign<\/td>\n<\/tr>\n<tr>\n<td style=\"border: 0px solid transparent; font-weight: bold; width: 41.3655%;\" align=\"right\" width=\"111\"><span style=\"font-family: georgia, palatino;\">Posten<\/span><\/td>\n<td style=\"border: 0px solid transparent; width: 46.5863%;\" align=\"left\" width=\"129\"><span style=\"font-family: georgia, palatino;\">OPS<\/span><\/td>\n<\/tr>\n<tr>\n<td style=\"border: 0px solid transparent; font-weight: bold; width: 41.3655%;\" align=\"right\" width=\"111\"><span style=\"font-family: georgia, palatino;\">Stationierung<\/span><\/td>\n<td style=\"border: 0px solid transparent; width: 46.5863%;\" align=\"left\" width=\"129\"><span style=\"font-family: georgia, palatino;\">USS Resolution<\/span><\/td>\n<\/tr>\n<tr>\n<td style=\"background: #555555; border: 0px solid #003366; font-weight: bold; border-radius: 1em; box-shadow: rgba(0, 0, 0, 0.75) 0.1em 0.1em 0.5em; width: 87.9518%;\" colspan=\"2\" align=\"center\" width=\"250\"><span style=\"font-family: georgia, palatino;\">Biographische Informationen<\/span><\/td>\n<\/tr>\n<tr>\n<td style=\"border: 0px solid transparent; font-weight: bold; width: 41.3655%;\" align=\"right\" width=\"111\"><span style=\"font-family: georgia, palatino;\">urspr. Name<\/span><\/td>\n<td style=\"border: 0px solid transparent; width: 46.5863%;\" align=\"left\" width=\"129\"><span style=\"font-family: georgia, palatino;\">Shyr&#8217;Ann-Dee<\/span><\/td>\n<\/tr>\n<tr>\n<td style=\"border: 0px solid transparent; font-weight: bold; width: 41.3655%;\" align=\"right\" width=\"111\"><span style=\"font-family: georgia, palatino;\">Geburtsjahr<\/span><\/td>\n<td style=\"border: 0px solid transparent; width: 46.5863%;\" align=\"left\" width=\"129\"><span style=\"font-family: georgia, palatino;\">2267<\/span><\/td>\n<\/tr>\n<tr>\n<td style=\"border: 0px solid transparent; font-weight: bold; width: 41.3655%;\" align=\"right\" width=\"111\"><span style=\"font-family: georgia, palatino;\">Geburtsort<\/span><\/td>\n<td style=\"border: 0px solid transparent; width: 46.5863%;\" align=\"left\" width=\"129\"><span style=\"font-family: georgia, palatino;\">ch&#8217;Rihan<\/span><\/td>\n<\/tr>\n<tr>\n<td style=\"border: 0px solid transparent; font-weight: bold; width: 41.3655%;\" align=\"right\" width=\"111\"><span style=\"font-family: georgia, palatino;\">Familienstand<\/span><\/td>\n<td style=\"border: 0px solid transparent; width: 46.5863%;\" align=\"left\" width=\"129\"><span style=\"font-family: georgia, palatino;\">?<\/span><\/td>\n<\/tr>\n<tr>\n<td style=\"border: 0px solid transparent; font-weight: bold; width: 41.3655%;\" align=\"right\" width=\"111\"><span style=\"font-family: georgia, palatino;\">Eltern<\/span><\/td>\n<td style=\"border: 0px solid transparent; width: 46.5863%;\" align=\"left\" width=\"129\"><span style=\"font-family: georgia, palatino;\">?<\/span><\/td>\n<\/tr>\n<tr>\n<td style=\"border: 0px solid transparent; font-weight: bold; width: 41.3655%;\" align=\"right\" width=\"111\"><span style=\"font-family: georgia, palatino;\">Geschwister<\/span><\/td>\n<td style=\"border: 0px solid transparent; width: 46.5863%;\" align=\"left\" width=\"129\"><span style=\"font-family: georgia, palatino;\">?<\/span><\/td>\n<\/tr>\n<tr>\n<td style=\"background: #555555; border: 0px solid #003366; font-weight: bold; border-radius: 1em; box-shadow: rgba(0, 0, 0, 0.75) 0.1em 0.1em 0.5em; width: 87.9518%;\" colspan=\"2\" align=\"center\" width=\"250\"><span style=\"font-family: georgia, palatino;\">Physische Beschreibung<\/span><\/td>\n<\/tr>\n<tr>\n<td style=\"border: 0px solid transparent; font-weight: bold; width: 41.3655%;\" align=\"right\" width=\"111\"><span style=\"font-family: georgia, palatino;\">Spezies<\/span><\/td>\n<td style=\"border: 0px solid transparent; width: 46.5863%;\" align=\"left\" width=\"129\"><span style=\"font-family: georgia, palatino;\">Borg (ex Rihannsu)<\/span><\/td>\n<\/tr>\n<tr>\n<td style=\"border: 0px solid transparent; font-weight: bold; width: 41.3655%;\" align=\"right\" width=\"111\"><span style=\"font-family: georgia, palatino;\">Geschlecht<\/span><\/td>\n<td style=\"border: 0px solid transparent; width: 46.5863%;\" align=\"left\" width=\"129\"><span style=\"font-family: georgia, palatino;\">weiblich<\/span><\/td>\n<\/tr>\n<tr>\n<td style=\"border: 0px solid transparent; font-weight: bold; width: 41.3655%;\" align=\"right\" width=\"111\"><span style=\"font-family: georgia, palatino;\">Gr\u00f6\u00dfe<\/span><\/td>\n<td style=\"border: 0px solid transparent; width: 46.5863%;\" align=\"left\" width=\"129\"><span style=\"font-family: georgia, palatino;\">164<\/span><\/td>\n<\/tr>\n<tr>\n<td style=\"border: 0px solid transparent; font-weight: bold; width: 41.3655%;\" align=\"right\" width=\"111\"><span style=\"font-family: georgia, palatino;\">Gewicht<\/span><\/td>\n<td style=\"border: 0px solid transparent; width: 46.5863%;\" align=\"left\" width=\"129\"><span style=\"font-family: georgia, palatino;\">56<\/span><\/td>\n<\/tr>\n<tr>\n<td style=\"border: 0px solid transparent; font-weight: bold; width: 41.3655%;\" align=\"right\" width=\"111\"><span style=\"font-family: georgia, palatino;\">Haarfarbe<\/span><\/td>\n<td style=\"border: 0px solid transparent; width: 46.5863%;\" align=\"left\" width=\"129\"><span style=\"font-family: georgia, palatino;\">schwarz<\/span><\/td>\n<\/tr>\n<tr>\n<td style=\"border: 0px solid transparent; font-weight: bold; width: 41.3655%;\" align=\"right\" width=\"111\"><span style=\"font-family: georgia, palatino;\">Augenfarbe<\/span><\/td>\n<td style=\"border: 0px solid transparent; width: 46.5863%;\" align=\"left\" width=\"129\"><span style=\"font-family: georgia, palatino;\">schwarz<\/span><\/td>\n<\/tr>\n<tr>\n<td style=\"border: 0px solid transparent; font-weight: bold; width: 41.3655%;\" align=\"right\" width=\"111\"><span style=\"font-family: georgia, palatino;\">Hautfarbe<\/span><\/td>\n<td style=\"border: 0px solid transparent; width: 46.5863%;\" align=\"left\" width=\"129\"><span style=\"font-family: georgia, palatino;\">blass<\/span><\/td>\n<\/tr>\n<tr>\n<td style=\"border: 0px solid transparent; font-weight: bold; width: 41.3655%;\" align=\"right\" width=\"111\"><span style=\"font-family: georgia, palatino;\">Verhalten<\/span><\/td>\n<td style=\"border: 0px solid transparent; width: 46.5863%;\" align=\"left\" width=\"129\"><span style=\"font-family: georgia, palatino;\">?<\/span><\/td>\n<\/tr>\n<tr>\n<td style=\"border: 0px solid transparent; font-weight: bold; width: 41.3655%;\" align=\"right\" width=\"111\"><span style=\"font-family: georgia, palatino;\">Kurzinfo<\/span><\/td>\n<td style=\"border: 0px solid transparent; width: 46.5863%;\" align=\"left\" width=\"129\"><span style=\"font-family: georgia, palatino;\">?<\/span><\/td>\n<\/tr>\n<tr>\n<td style=\"background: #555555; border: 0px solid #003366; font-weight: bold; border-radius: 1em; box-shadow: rgba(0, 0, 0, 0.75) 0.1em 0.1em 0.5em; width: 87.9518%;\" colspan=\"2\" align=\"center\" width=\"250\"><span style=\"font-family: georgia, palatino;\">Politische Informationen<\/span><\/td>\n<\/tr>\n<tr>\n<td style=\"border: 0px solid transparent; font-weight: bold; width: 41.3655%;\" align=\"right\" width=\"111\"><span style=\"font-family: georgia, palatino;\">B\u00fcrgerschaft<\/span><\/td>\n<td style=\"border: 0px solid transparent; width: 46.5863%;\" align=\"left\" width=\"129\"><span style=\"font-family: georgia, palatino;\">UFP<\/span><\/td>\n<\/tr>\n<tr>\n<td style=\"border: 0px solid transparent; font-weight: bold; width: 41.3655%;\" align=\"right\" width=\"111\"><span style=\"font-family: georgia, palatino;\">\u00a0Religion<\/span><\/td>\n<td style=\"border: 0px solid transparent; width: 46.5863%;\" align=\"left\" width=\"129\"><span style=\"font-family: georgia, palatino;\">?<\/span><\/td>\n<\/tr>\n<\/tbody>\n<\/table>\n<\/div>\n<p><span style=\"font-family: georgia, palatino;\"><strong><span style=\"font-size: 24pt;\">Lebenslauf<\/span><\/strong><\/span><\/p>\n<p>Shyr&#8217;Ann-Dee, oder auch nur kurz &#8218;Shy&#8216; war eigentlich keineswegs scheu, sondern eher offen und direkt im Umgang mit anderen Rihannsu. Als zivile Computerspezialistin erster Klasse reiste sie als Beobachterin auf einem Schiff des Sternenreiches mit, das ein neues Navigationssystem testete. Shy sollte das System begleiten und \u00fcberwachen und n\u00f6tigenfalls Optimierungen im GUI vornehmen. Bezeichnenderweise unterlief dem Schiff ein fataler Navigationsfehler und das Schiff verlie\u00df romulanisches Hoheitsgebiet ohne es zu bemerken. Zu allem Ungl\u00fcck traf das Schiff dann noch auf eine Fernaufkl\u00e4rungssph\u00e4re der Borg.<\/p>\n<p>Das Schiff war nicht bewaffnet und ohne umfangreiche Crew. Es wurde ein leichtes Opfer der Borg. Die Borg ihrerseits waren am \u00e4u\u00dfersten Rand ihres Interessengebietes angelangt. Sie assimilierten die Crew des Schiffes und kehrten um. Die gewonnenen Informationen wurden gespeichert und dann ignoriert. Das Hauptaugenmerk der Borg ging in eine ganz andere Richtung.<\/p>\n<p>Shyr&#8217;Ann-Dee erhielt die Borg-Designation &#8222;Sph\u00e4renpilot 11 von Staffel 13 aus Sph\u00e4re 1423&#8220; oder einfach kurz: &#8222;Eleven of Thirteen&#8220;<\/p>\n<p>Im Verlauf eines Enterman\u00f6vers gegen ein ziviles f\u00f6deriertes Schiff wurde Eleven verletzt auf dem entv\u00f6lkerten Schiff zur\u00fcckgelassen und dann von der Besatzung der USS Gallantry geborgen.<\/p>\n<p>Um weitere wichtige Informationen zu erlangen beschloss der CO der Gallantry, die Borg am Leben und medizinisch versorgen zu lassen.<\/p>\n<p>Eleven erkannte die Aussichtslosigkeit ihrer gegenw\u00e4rtigen Lage und beschloss sich anzupassen. Im Verlauf dieser Anpassung wurd sie von Dr. Zoey van M\u00e4usen an Bord der USS Gallantry operiert und ihr ein Teil der Implantate entfernt.<\/p>\n<p>&nbsp;<\/p>\n<hr \/>\n<p><span style=\"font-family: georgia, palatino;\"><strong><span style=\"font-size: 24pt;\">Psychologisches Profil<\/span><\/strong><\/span><\/p>\n<p>11 ist ausgesprochen neugierig.<\/p>\n<p>Sie besitzt so gut wie keine H\u00f6flichkeitsformen. Sehr leicht verletzt sie die Gef\u00fchle anderer indem sie Dinge sagt und anmerkt, die man aus H\u00f6flichkeit nicht anspricht. Ungl\u00fccklicherweise entwickelt sie gerade ein eigenes Ego und ist so im Gegenzug f\u00fcr Kr\u00e4nkungen extrem anf\u00e4llig.<\/p>\n<p>Diese Kombination macht es 11 sehr schwer, sich in eine bestehende Gemeinschaft zu integrieren.<\/p>\n<p>Als Nicht-Flottenangeh\u00f6rige hat sie nie milit\u00e4rische Disziplin erlebt. Daher hat sie Probleme mit der Hierarchie wenn sie gegen die Kompetenz steht.<\/p>\n<hr \/>\n<p><span style=\"font-family: georgia, palatino;\"><strong><span style=\"font-size: 24pt;\">Spezialgebiete<\/span><\/strong><\/span><\/p>\n<p><span style=\"font-family: georgia, palatino;\"><b>Ausbildung<\/b><\/span><\/p>\n<p>Shy hat eine spezielle Ausbildung als Soft- und Hardwaretechnikerin auf ch&#8217;Rihan genossen. Sie ist anerkannte Spezialistin auf dem Gebiet der Navigationstechnologie gewesen.<br \/>\nShy hat bei den Borg alles notwendige Wissen zur Steuerung und Navigation einer Borg-Sph\u00e4re erhalten. Shy ist au\u00dferdem in der Lage, kleine Schiffe bis zu einer Gr\u00f6\u00dfe eines Runabout zu steuern.<\/p>\n<p><span style=\"font-family: georgia, palatino;\"><b>Sprachen<\/b><\/span><\/p>\n<ul>\n<li><span style=\"font-family: georgia, palatino;\">bla<\/span><\/li>\n<li><span style=\"font-family: georgia, palatino;\">bla<\/span><\/li>\n<li><span style=\"font-family: georgia, palatino;\">bla<\/span><\/li>\n<li><span style=\"font-family: georgia, palatino;\">bla<\/span><\/li>\n<\/ul>\n<hr \/>\n<p><span style=\"font-family: georgia, palatino;\"><strong><span style=\"font-size: 24pt;\">Hobbies<\/span><\/strong><\/span><\/p>\n<ul>\n<li>11 hat basierend auf ihre Fr\u00fchere F\u00e4higkeit ein besonderes Interesse an Flug- und Navigationselektronik und -software.<\/li>\n<\/ul>\n<hr \/>\n<p><span style=\"font-family: georgia, palatino; font-size: 24pt;\"><strong>Medizinisches Profil<\/strong><\/span><\/p>\n<p>Auszug aus der medizinischen Akte von Dr. van M\u00e4usen, CM USS Gallantry)<\/p>\n<p>In einer mehrt\u00e4gigen OP wurde die Patientin Eleven of Thirteen folgenderma\u00dfen wiederhergestellt:<\/p>\n<p><strong>\u00c4u\u00dferes<\/strong>:<\/p>\n<p>Eleven of Thirteen (kurz 11) wurde von gut 75% ihrer \u00e4u\u00dferen Implantate befreit. Davon wurden rund 50% dieser Implantate aus optischen Gesichtspunkten in das K\u00f6rperinnere verlegt. Die OP verlief erfolgreich.<\/p>\n<p>\u00c4u\u00dferlich erkennbare Implantate sind:<\/p>\n<ul>\n<li>F\u00fcnf unterschiedliche Messdatenempf\u00e4nger im Gesicht.<\/li>\n<li>Zwei weitere Sensoren auf der Kopfhaut, eines davon in Form eines grobmaschigen Netzes.<\/li>\n<li>24 weiter unten spezifizierte Implantate auf dem Oberk\u00f6rper<\/li>\n<li>14 weiter unten spezifizierte Implantate auf dem Unterk\u00f6rper<\/li>\n<li>Der linke Unterarm ist komplett k\u00fcnstlich, jedoch mit einer organischen Hautreplikation \u00fcberzogen.<\/li>\n<li>Der rechte Unterarm enth\u00e4lt keine Inkubationsr\u00f6hrchen mehr.<\/li>\n<li>Beide Arme besitzen ein feines, verst\u00e4rktes Exoskelett, das mit einem mobilen Anschluss an einer externen Halterung mit dem Endoskelette verbunden ist.<\/li>\n<li>9 weiter unten spezifizierte Implantate befinden sich an jedem Bein.<\/li>\n<li>Das gleiche exoskelette Struktur, welche sich an den Armen befindet, wird auch an beiden Beinen vorgefunden.<\/li>\n<li>11s nat\u00fcrliches Haar wurde analysiert und durch Replikation und Transplantation nach den W\u00fcnschen des Patienten wiederhergestellt.<\/li>\n<li>Das linke Auge, welches von den Borg durch ein k\u00fcnstliches Implantat ersetzt wurde, wurde durch ein optisch ad\u00e4quates Kunstprodukt ersetzt.<\/li>\n<li>Die Haut wurde komplett regeneriert und ist wieder speziesgem\u00e4\u00df sensibilisiert. Tast- und Empfindungssinn wurde wiederhergestellt. Die Unempfindlichkeit gegen\u00fcber Vakuum und Witterungseinfl\u00fcssen wurde verloren.<\/li>\n<\/ul>\n<p><strong>Inneres<\/strong>:<\/p>\n<p>In und an 11s K\u00f6rper befinden sich zahllose Bio-Implantate, die alle internen K\u00f6rperfunktionen erweitern, verbessern oder spezialisieren.<\/p>\n<p>Im Einzelnen (auszugsweise):<\/p>\n<ul>\n<li>Das ersetzte Auge enth\u00e4lt au\u00dfer der optischen Wahrnehmungsf\u00e4higkeit noch eine Lasergesteuerte Entfernungsmesseinheit und eine optische Magnifikationsvorrichtung im Bereich von 40% bis 960%. Das wahrzunehmende Spektrum beinhaltet auch IR und UV-Bereiche.<\/li>\n<li>Das Reproduktionssystem, also die weiblichen Geb\u00e4rorgane, die durch die Borg als unn\u00fctz deaktiviert wurden, sind wieder voll funktionst\u00fcchtig.<\/li>\n<li>Das Verdauungssystem wurde komplett wiederhergestellt. 11 ist in der Lage normale Nahrung aufzunehmen. In den ersten Monaten ist eine besondere Di\u00e4t dringend angeraten. Alkohol ist dringend zu vermeiden.<\/li>\n<li>Das Exoskelett wurde verfeinert. 11 ist nur noch kurzzeitig in der Lage bis zu 480% ihrer normalen Belastung zu ertragen.<\/li>\n<li>Der Borgeigene K\u00f6rperschirm wurde beibehalten, jedoch auf Sternenflottennormfrequenz umgestellt.<\/li>\n<li>Das Borgeigene Transportsystem wurde beibehalten.<\/li>\n<\/ul>\n<p><strong>Nanosonden<\/strong>:<\/p>\n<p>In 11s Blut befinden sich Abermilliarden von Nanosonden die die Funktion ihrer Bio-Implatate \u00fcberwachen und notfalls reparieren. Diese Nanosonden sorgen auch f\u00fcr eine Reparatur von Biologischen Verletzungen und f\u00fcr den Stop des Alterungsprozesses.<\/p>\n<p>Hinweis: 11s Geruchsempfinden ist sehr schwach ausgepr\u00e4gt, ihr Geh\u00f6r ist m\u00e4\u00dfig.<\/p>\n<p><strong>Krankheiten<\/strong>:<\/p>\n<ul>\n<li>keine<\/li>\n<\/ul>\n<p>(Ende des Berichtes von Dr. van M\u00e4usen)<\/p>\n<hr \/>\n<p><span style=\"font-family: georgia, palatino; font-size: 24pt;\"><strong><span id=\"Haustier\" class=\"mw-headline\">Haustier<\/span><\/strong><\/span><\/p>\n<p><span style=\"font-family: georgia, palatino;\">Text<\/span><\/p>\n<hr \/>\n<p><span style=\"font-family: georgia, palatino;\"><strong><span style=\"font-size: 24pt;\">Klassifzierte Sektion<\/span><\/strong><\/span><\/p>\n<p><span style=\"font-family: georgia, palatino;\">Text<\/span><\/p>\n<p>&nbsp;<\/p>\n<p>&nbsp;<\/p>\n","protected":false},"excerpt":{"rendered":"<p>Eleven of Thirteen &nbsp; Eleven of Thirteen Status NPC 1 Spieler Isabelle Dienstliche Informationen Ranggrafik Rang Ensign Posten OPS Stationierung USS Resolution Biographische Informationen urspr. Name Shyr&#8217;Ann-Dee Geburtsjahr 2267 Geburtsort ch&#8217;Rihan Familienstand ? Eltern ? Geschwister ? Physische Beschreibung Spezies Borg (ex Rihannsu) Geschlecht weiblich Gr\u00f6\u00dfe 164 Gewicht 56 Haarfarbe schwarz Augenfarbe schwarz Hautfarbe blass&#8230;<\/p>\n<p class=\"more-link-wrap\"><a href=\"https:\/\/sf-germany.com\/einheiten\/usb-midgard\/usb-midgard-sb-61\/die-crew\/tkary\/bio-eleven\/\" class=\"more-link\">Read More<span class=\"screen-reader-text\"> &ldquo;Eleven&rdquo;<\/span> &raquo;<\/a><\/p>\n","protected":false},"author":2,"featured_media":0,"parent":419,"menu_order":10,"comment_status":"closed","ping_status":"closed","template":"","meta":{"footnotes":""},"class_list":["post-444","page","type-page","status-publish","hentry"],"_links":{"self":[{"href":"https:\/\/sf-germany.com\/einheiten\/usb-midgard\/wp-json\/wp\/v2\/pages\/444","targetHints":{"allow":["GET"]}}],"collection":[{"href":"https:\/\/sf-germany.com\/einheiten\/usb-midgard\/wp-json\/wp\/v2\/pages"}],"about":[{"href":"https:\/\/sf-germany.com\/einheiten\/usb-midgard\/wp-json\/wp\/v2\/types\/page"}],"author":[{"embeddable":true,"href":"https:\/\/sf-germany.com\/einheiten\/usb-midgard\/wp-json\/wp\/v2\/users\/2"}],"replies":[{"embeddable":true,"href":"https:\/\/sf-germany.com\/einheiten\/usb-midgard\/wp-json\/wp\/v2\/comments?post=444"}],"version-history":[{"count":4,"href":"https:\/\/sf-germany.com\/einheiten\/usb-midgard\/wp-json\/wp\/v2\/pages\/444\/revisions"}],"predecessor-version":[{"id":450,"href":"https:\/\/sf-germany.com\/einheiten\/usb-midgard\/wp-json\/wp\/v2\/pages\/444\/revisions\/450"}],"up":[{"embeddable":true,"href":"https:\/\/sf-germany.com\/einheiten\/usb-midgard\/wp-json\/wp\/v2\/pages\/419"}],"wp:attachment":[{"href":"https:\/\/sf-germany.com\/einheiten\/usb-midgard\/wp-json\/wp\/v2\/media?parent=444"}],"curies":[{"name":"wp","href":"https:\/\/api.w.org\/{rel}","templated":true}]}}