{"id":355,"date":"2023-01-06T11:11:31","date_gmt":"2023-01-06T10:11:31","guid":{"rendered":"http:\/\/sf-germany.com\/einheiten\/usb-midgard\/?page_id=355"},"modified":"2023-01-06T12:37:13","modified_gmt":"2023-01-06T11:37:13","slug":"spirox","status":"publish","type":"page","link":"https:\/\/sf-germany.com\/einheiten\/usb-midgard\/usb-midgard-sb-61\/die-crew\/spirox\/","title":{"rendered":"Spirox"},"content":{"rendered":"<table style=\"background: none; border: 0px solid #ffffff; font-weight: bold;\" border=\"0\" width=\"95%\" cellspacing=\"5\" cellpadding=\"5\" align=\"center\">\n<tbody>\n<tr>\n<td style=\"background: none; border-radius: 1em; border: 0px solid #003366; box-shadow: 0.1em 0.1em 0.5em rgba(0,0,0,0.75); -webkit-border-radius: 1em; -moz-border-radius: 1em; -moz-box-shadow: 0.1em 0.1em 0.5em rgba(0, 0, 0, 0.75); -webkit-box-shadow: 0.1em 0.1em 0.5em rgba(0, 0, 0, 0.75);\" colspan=\"5\" rowspan=\"3\" align=\"center\" valign=\"middle\">\n<h2><span style=\"font-family: georgia, palatino;\"><strong>Spirox<\/strong><\/span><\/h2>\n<\/td>\n<\/tr>\n<\/tbody>\n<\/table>\n<p>&nbsp;<\/p>\n<div style=\"float: right; margin-right: 15px; margin-bottom: 15px; font-size: 11px; width: 300px; padding-left: 10px; padding-right: 10px;\">\n<table style=\"background: none; border: 0px solid #003366; margin-bottom: 15px; margin-right: 15px; float: left; border-radius: 1em; box-shadow: rgba(0, 0, 0, 0.75) 0.1em 0.1em 0.5em; width: 82.668%;\" border=\"1\" width=\"250\" cellspacing=\"10\" align=\"left\">\n<tbody>\n<tr>\n<td style=\"border: 0px solid transparent; font-weight: bold; width: 87.9518%;\" colspan=\"2\" align=\"center\" width=\"250\"><span style=\"font-family: georgia, palatino;\"><a href=\"https:\/\/sf-germany.com\/einheiten\/usb-midgard\/wp-content\/uploads\/2022\/10\/Nopic-1.png\" rel=\"lightbox-0\"><img loading=\"lazy\" decoding=\"async\" class=\"aligncenter wp-image-124\" src=\"https:\/\/sf-germany.com\/einheiten\/usb-midgard\/wp-content\/uploads\/2022\/10\/Nopic-1.png\" alt=\"\" width=\"150\" height=\"225\" \/><\/a><\/span><\/td>\n<\/tr>\n<tr>\n<td style=\"border: 0px solid transparent; font-weight: bold; width: 87.9518%;\" colspan=\"2\" align=\"center\" width=\"250\"><span style=\"font-family: georgia, palatino;\">Spirox<\/span><\/td>\n<\/tr>\n<tr>\n<td style=\"border: 0px solid transparent; font-weight: bold; width: 41.3655%;\" align=\"right\" width=\"111\"><span style=\"font-family: georgia, palatino;\">Status<\/span><\/td>\n<td style=\"border: 0px solid transparent; width: 46.5863%;\" align=\"left\" width=\"129\"><span style=\"font-family: georgia, palatino;\">PC<\/span><\/td>\n<\/tr>\n<tr>\n<td style=\"border: 0px solid transparent; font-weight: bold; width: 41.3655%;\" align=\"right\" width=\"111\"><span style=\"font-family: georgia, palatino;\">Spieler<\/span><\/td>\n<td style=\"border: 0px solid transparent; width: 46.5863%;\" align=\"left\" width=\"129\"><span style=\"font-family: georgia, palatino;\">Dejah T.<\/span><\/td>\n<\/tr>\n<tr>\n<td style=\"background: #555555; border: 0px solid #003366; font-weight: bold; border-radius: 1em; box-shadow: rgba(0, 0, 0, 0.75) 0.1em 0.1em 0.5em; width: 87.9518%;\" colspan=\"2\" align=\"center\" width=\"240\"><span style=\"font-family: georgia, palatino;\">Dienstliche Informationen<\/span><\/td>\n<\/tr>\n<tr>\n<td style=\"border: 0px solid transparent; font-weight: bold; vertical-align: middle; width: 41.3655%;\" align=\"right\" width=\"111\"><span style=\"font-family: georgia, palatino;\">Ranggrafik<\/span><\/td>\n<td style=\"border: 0px solid transparent; width: 46.5863%;\" align=\"left\" width=\"129\"><span style=\"font-family: georgia, palatino;\"><a href=\"https:\/\/www.sf-germany.com\/images\/schemata\/sto\/blau\/ens.png\" rel=\"lightbox-1\"><img loading=\"lazy\" decoding=\"async\" class=\"alignnone wp-image-123\" src=\"https:\/\/www.sf-germany.com\/images\/schemata\/sto\/blau\/ens.png\" alt=\"\" width=\"100\" height=\"25\" \/><\/a><\/span><\/td>\n<\/tr>\n<tr>\n<td style=\"border: 0px solid transparent; font-weight: bold; width: 41.3655%;\" align=\"right\" width=\"111\"><span style=\"font-family: georgia, palatino;\">Rang<\/span><\/td>\n<td style=\"border: 0px solid transparent; width: 46.5863%;\" align=\"left\" width=\"129\">Ensign<\/td>\n<\/tr>\n<tr>\n<td style=\"border: 0px solid transparent; font-weight: bold; width: 41.3655%;\" align=\"right\" width=\"111\"><span style=\"font-family: georgia, palatino;\">Posten<\/span><\/td>\n<td style=\"border: 0px solid transparent; width: 46.5863%;\" align=\"left\" width=\"129\"><span style=\"font-family: georgia, palatino;\">CWI<\/span><\/td>\n<\/tr>\n<tr>\n<td style=\"border: 0px solid transparent; font-weight: bold; width: 41.3655%;\" align=\"right\" width=\"111\"><span style=\"font-family: georgia, palatino;\">Stationierung<\/span><\/td>\n<td style=\"border: 0px solid transparent; width: 46.5863%;\" align=\"left\" width=\"129\"><span style=\"font-family: georgia, palatino;\">USB Midgard<\/span><\/td>\n<\/tr>\n<tr>\n<td style=\"background: #555555; border: 0px solid #003366; font-weight: bold; border-radius: 1em; box-shadow: rgba(0, 0, 0, 0.75) 0.1em 0.1em 0.5em; width: 87.9518%;\" colspan=\"2\" align=\"center\" width=\"250\"><span style=\"font-family: georgia, palatino;\">Biographische Informationen<\/span><\/td>\n<\/tr>\n<tr>\n<td style=\"border: 0px solid transparent; font-weight: bold; width: 41.3655%;\" align=\"right\" width=\"111\"><span style=\"font-family: georgia, palatino;\">Geburtsjahr<\/span><\/td>\n<td style=\"border: 0px solid transparent; width: 46.5863%;\" align=\"left\" width=\"129\"><span style=\"font-family: georgia, palatino;\">2376<\/span><\/td>\n<\/tr>\n<tr>\n<td style=\"border: 0px solid transparent; font-weight: bold; width: 41.3655%;\" align=\"right\" width=\"111\"><span style=\"font-family: georgia, palatino;\">Geburtsort<\/span><\/td>\n<td style=\"border: 0px solid transparent; width: 46.5863%;\" align=\"left\" width=\"129\"><span style=\"font-family: georgia, palatino;\">?<\/span><\/td>\n<\/tr>\n<tr>\n<td style=\"border: 0px solid transparent; font-weight: bold; width: 41.3655%;\" align=\"right\" width=\"111\"><span style=\"font-family: georgia, palatino;\">Familienstand<\/span><\/td>\n<td style=\"border: 0px solid transparent; width: 46.5863%;\" align=\"left\" width=\"129\"><span style=\"font-family: georgia, palatino;\">verheiratet<\/span><\/td>\n<\/tr>\n<tr>\n<td style=\"border: 0px solid transparent; font-weight: bold; width: 41.3655%;\" align=\"right\" width=\"111\"><span style=\"font-family: georgia, palatino;\">Eltern<\/span><\/td>\n<td style=\"border: 0px solid transparent; width: 46.5863%;\" align=\"left\" width=\"129\"><span style=\"font-family: georgia, palatino;\">?<\/span><\/td>\n<\/tr>\n<tr>\n<td style=\"border: 0px solid transparent; font-weight: bold; width: 41.3655%;\" align=\"right\" width=\"111\"><span style=\"font-family: georgia, palatino;\">Geschwister<\/span><\/td>\n<td style=\"border: 0px solid transparent; width: 46.5863%;\" align=\"left\" width=\"129\"><span style=\"font-family: georgia, palatino;\">?<\/span><\/td>\n<\/tr>\n<tr>\n<td style=\"background: #555555; border: 0px solid #003366; font-weight: bold; border-radius: 1em; box-shadow: rgba(0, 0, 0, 0.75) 0.1em 0.1em 0.5em; width: 87.9518%;\" colspan=\"2\" align=\"center\" width=\"250\"><span style=\"font-family: georgia, palatino;\">Physische Beschreibung<\/span><\/td>\n<\/tr>\n<tr>\n<td style=\"border: 0px solid transparent; font-weight: bold; width: 41.3655%;\" align=\"right\" width=\"111\"><span style=\"font-family: georgia, palatino;\">Spezies<\/span><\/td>\n<td style=\"border: 0px solid transparent; width: 46.5863%;\" align=\"left\" width=\"129\"><span style=\"font-family: georgia, palatino;\">Denobulaner<\/span><\/td>\n<\/tr>\n<tr>\n<td style=\"border: 0px solid transparent; font-weight: bold; width: 41.3655%;\" align=\"right\" width=\"111\"><span style=\"font-family: georgia, palatino;\">Geschlecht<\/span><\/td>\n<td style=\"border: 0px solid transparent; width: 46.5863%;\" align=\"left\" width=\"129\"><span style=\"font-family: georgia, palatino;\">m<\/span><\/td>\n<\/tr>\n<tr>\n<td style=\"border: 0px solid transparent; font-weight: bold; width: 41.3655%;\" align=\"right\" width=\"111\"><span style=\"font-family: georgia, palatino;\">Gr\u00f6\u00dfe<\/span><\/td>\n<td style=\"border: 0px solid transparent; width: 46.5863%;\" align=\"left\" width=\"129\"><span style=\"font-family: georgia, palatino;\">182 cm<\/span><\/td>\n<\/tr>\n<tr>\n<td style=\"border: 0px solid transparent; font-weight: bold; width: 41.3655%;\" align=\"right\" width=\"111\"><span style=\"font-family: georgia, palatino;\">Gewicht<\/span><\/td>\n<td style=\"border: 0px solid transparent; width: 46.5863%;\" align=\"left\" width=\"129\"><span style=\"font-family: georgia, palatino;\">91 kg<\/span><\/td>\n<\/tr>\n<tr>\n<td style=\"border: 0px solid transparent; font-weight: bold; width: 41.3655%;\" align=\"right\" width=\"111\"><span style=\"font-family: georgia, palatino;\">Haarfarbe<\/span><\/td>\n<td style=\"border: 0px solid transparent; width: 46.5863%;\" align=\"left\" width=\"129\"><span style=\"font-family: georgia, palatino;\">braun<\/span><\/td>\n<\/tr>\n<tr>\n<td style=\"border: 0px solid transparent; font-weight: bold; width: 41.3655%;\" align=\"right\" width=\"111\"><span style=\"font-family: georgia, palatino;\">Augenfarbe<\/span><\/td>\n<td style=\"border: 0px solid transparent; width: 46.5863%;\" align=\"left\" width=\"129\"><span style=\"font-family: georgia, palatino;\">braun<\/span><\/td>\n<\/tr>\n<tr>\n<td style=\"border: 0px solid transparent; font-weight: bold; width: 41.3655%;\" align=\"right\" width=\"111\"><span style=\"font-family: georgia, palatino;\">Hautfarbe<\/span><\/td>\n<td style=\"border: 0px solid transparent; width: 46.5863%;\" align=\"left\" width=\"129\"><span style=\"font-family: georgia, palatino;\">?<\/span><\/td>\n<\/tr>\n<tr>\n<td style=\"border: 0px solid transparent; font-weight: bold; width: 41.3655%;\" align=\"right\" width=\"111\"><span style=\"font-family: georgia, palatino;\">Verhalten<\/span><\/td>\n<td style=\"border: 0px solid transparent; width: 46.5863%;\" align=\"left\" width=\"129\"><span style=\"font-family: georgia, palatino;\">?<\/span><\/td>\n<\/tr>\n<tr>\n<td style=\"border: 0px solid transparent; font-weight: bold; width: 41.3655%;\" align=\"right\" width=\"111\"><span style=\"font-family: georgia, palatino;\">Kurzinfo<\/span><\/td>\n<td style=\"border: 0px solid transparent; width: 46.5863%;\" align=\"left\" width=\"129\"><span style=\"font-family: georgia, palatino;\">?<\/span><\/td>\n<\/tr>\n<tr>\n<td style=\"background: #555555; border: 0px solid #003366; font-weight: bold; border-radius: 1em; box-shadow: rgba(0, 0, 0, 0.75) 0.1em 0.1em 0.5em; width: 87.9518%;\" colspan=\"2\" align=\"center\" width=\"250\"><span style=\"font-family: georgia, palatino;\">Politische Informationen<\/span><\/td>\n<\/tr>\n<tr>\n<td style=\"border: 0px solid transparent; font-weight: bold; width: 41.3655%;\" align=\"right\" width=\"111\"><span style=\"font-family: georgia, palatino;\">B\u00fcrgerschaft<\/span><\/td>\n<td style=\"border: 0px solid transparent; width: 46.5863%;\" align=\"left\" width=\"129\"><span style=\"font-family: georgia, palatino;\">UFP<\/span><\/td>\n<\/tr>\n<tr>\n<td style=\"border: 0px solid transparent; font-weight: bold; width: 41.3655%;\" align=\"right\" width=\"111\"><span style=\"font-family: georgia, palatino;\">\u00a0Religion<\/span><\/td>\n<td style=\"border: 0px solid transparent; width: 46.5863%;\" align=\"left\" width=\"129\"><span style=\"font-family: georgia, palatino;\">?<\/span><\/td>\n<\/tr>\n<\/tbody>\n<\/table>\n<\/div>\n<p><span style=\"font-family: georgia, palatino;\"><strong><span style=\"font-size: 24pt;\">Lebenslauf<\/span><\/strong><\/span><\/p>\n<p><span style=\"font-family: georgia, palatino;\"><strong>2376 &#8211; 2413<\/strong><br \/>\nSpirox wird auf Denobula geboren. Er w\u00e4chst in der f\u00fcr Denobulaner typischen Gro\u00dffamilie auf (jedes Elternteil ist mit drei Partnern verheiratet), hat dadurch acht (Halb)geschwister verschiedenen Alters.<br \/>\nSchnell stellt sich heraus, dass Spirox eine Vorliebe und auch Talent f\u00fcr die Wissenschaft hat. Er verbringt seine Tage mit dem Lesen von Fachtexten und dem Experimentieren, wobei ihm die f\u00fcr Denobulaner typische Geduld sehr zugute kommt. Er ist kein \u00dcberflieger, aber mit viel Flei\u00df und Wiederholungen gelingt es ihm, alle Themen, die er sich vornimmt, zu meistern.<\/span><\/p>\n<p><span style=\"font-family: georgia, palatino;\">Nach der Schule besucht er eine Universit\u00e4t und spezialisiert sich auf Biologie, wobei er auch eine gute Grundausbildung in Chemie und Physik erh\u00e4lt. W\u00e4hrend des Studiums trifft er seine erste Frau, Salina, die mathematische Physik studiert. Die beiden heiraten, und noch w\u00e4hrend des Studiums wird 2400 die Tochter Jazaal geboren.<\/span><\/p>\n<p><span style=\"font-family: georgia, palatino;\">Salina entschlie\u00dft sich, direkt nach dem Studium zur Sternenflottenakademie zu gehen, ist dort sehr erfolgreich und macht eine steile Karriere, zun\u00e4chst als CWI, sp\u00e4ter in der F\u00fchrungsriege. Spirox bleibt auf Denobula zur\u00fcck, arbeitet als Biologielaborant f\u00fcr die Stadt, erzieht Jazaal und lernt recht schnell seine beiden weiteren Ehefrauen Hamarin und Usulan kennen. Usulan arbeitet als Rangerin in einem Naturschutzgebiet in der N\u00e4he der Hauptstadt, so dass die Ehepartner sich nur sporadisch sehen. Spirox und Jazaal leben haupts\u00e4chlich mit Hamarin, einer etwas exzentrischen, aber liebevollen, verl\u00e4sslichen und lebenslustigen Schriftstellerin zusammen, sowie einem derer weiteren Ehem\u00e4nner und einer dessen Frauen. Diese Konstellation funktioniert sehr gut, f\u00fcr Jahre sind alle gl\u00fccklich in der Gro\u00dffamilie. Hamarin und Spirox haben drei S\u00f6hne zusammen, insgesamt leben bald zehn Kinder in der Familie.<\/span><\/p>\n<p><span style=\"font-family: georgia, palatino;\"><strong>2413 &#8211; 2422<\/strong><br \/>\nNat\u00fcrlich halten Spirox und Jazaal Kontakt zu Jazaals Mutter Salina. Als diese im Jahr 2413 das Kommando \u00fcber die USS Zhdanov erh\u00e4lt, bietet sie der dreizehnj\u00e4hrigen Jazaal an, zu ihr auf das Raumschiff zu ziehen, was diese zur \u00dcberraschung Spirox\u2019 annimmt. Spirox f\u00fchlt sich daraufhin immer weniger gebraucht &#8211; die S\u00f6hne mit Hamarin sind in der Familie gut versorgt und auch immer unabh\u00e4ngiger, sein Job langweilige Routine, Hamarin und Usulan mit ihren eigenen Projekten besch\u00e4ftigt.<\/span><\/p>\n<p><span style=\"font-family: georgia, palatino;\">Er entscheidet sich nach einiger Zeit mit 41 Jahren, einem f\u00fcr Denobulaner wegen derer langen Lebenserwartung noch einigerma\u00dfen jungem Alter, sich selbst bei der Sternenflottenakademie anzumelden. Spirox wird zu seiner milden \u00dcberraschung im zweiten Anlauf im Jahr darauf genommen, zuf\u00e4lligerweise im selben Jahrgang wie seine Tochter, die mit 18 ihre Ausbildung als TAK antritt.<\/span><\/p>\n<p><span style=\"font-family: georgia, palatino;\">Auf der Akademie spezialisiert Spirox sich auf eine wissenschaftliche Laufbahn. Seine Leistungen sind mittelm\u00e4\u00dfig, weder besonders gut noch besonders schlecht. Im Vergleich mit seinen Mitkadetten hat er den Vorteil, als Denobulaner nur sehr wenig Schlaf zu ben\u00f6tigen, und so kann er in Nachtsitzungen die lange nicht mehr gebrauchten Kenntnisse in Physik, Chemie, Xenobiologie usw. auffrischen. Am schwersten fallen ihm die sportlichen Anforderungen, er war nie sonderlich sportlich, hat \u00fcber die Jahre einige Kilo zugelegt und kann nun nicht mehr mit den \u2018Jungspunden\u2019 mithalten. Aber als sein Abschluss rein an seinen physischen Leistungen zu scheitern droht, rei\u00dft er sich zusammen, trainiert hart und schafft es gerade so, die Anforderungen zu erf\u00fcllen. Es wird zu sehen sein, ob Spirox das Trainingsregiment auf seiner neuen Einheit wieder schleifen lassen wird.<\/span><\/p>\n<p><span style=\"font-family: georgia, palatino;\">Im Jahr <strong>2422<\/strong> graduiert der Denobulaner von der Sternenflottenakademie und tritt nach einem Heimatbesuch im Jahr 2423 seinen ersten Posten als CWI der USB Midgard an.<\/span><\/p>\n<p>&nbsp;<\/p>\n<p>&nbsp;<\/p>\n<hr \/>\n<p><span style=\"font-family: georgia, palatino;\"><strong><span style=\"font-size: 24pt;\">Psychologisches Profil<\/span><\/strong><\/span><\/p>\n<p><span style=\"font-family: georgia, palatino;\">&#8211; geduldig (wie f\u00fcr Denobulaner typisch), hartn\u00e4ckig, strebsam, \u201cbei\u00dft sich durch\u201d<\/span><\/p>\n<p><span style=\"font-family: georgia, palatino;\">&#8211; redet nur dann, wenn er denkt, etwas substanzielles zur Unterhaltung beitragen zu k\u00f6nnen, tendiert dann zum Vortr\u00e4ge halten<\/span><\/p>\n<p><span style=\"font-family: georgia, palatino;\">&#8211; sch\u00e4tzt die Gesellschaft anderer, ist gro\u00dfe Gruppen gewohnt und mag es nicht, allein zu sein<\/span><\/p>\n<p><span style=\"font-family: georgia, palatino;\">&#8211; ist nicht besonders mutig, w\u00fcrde sich nie freiwillig f\u00fcr gef\u00e4hrliche Situationen melden, wenn er nicht absolut der beste f\u00fcr den Job ist; bleibt aber in Krisen ruhig und bewahrt einen k\u00fchlen Kopf<\/span><\/p>\n<p><span style=\"font-family: georgia, palatino;\">&#8211; liebt seine Familie und vermisst sie, will aber trotzdem Karriere in der Sternenflotte machen<\/span><\/p>\n<p>&nbsp;<\/p>\n<hr \/>\n<p><span style=\"font-family: georgia, palatino;\"><strong><span style=\"font-size: 24pt;\">Spezialgebiete<\/span><\/strong><\/span><\/p>\n<p><span style=\"font-family: georgia, palatino;\"><b>Ausbildung<\/b><\/span><\/p>\n<ul>\n<li>Studium der Biologie, jahrelange T\u00e4tigkeit als Biologielaborant mit Spezialisierung auf Probeentnahme mithilfe von Drohnenflotten, Untersuchung auf Pathogene, Luft- und Wasserqualit\u00e4tsanalysen und &#8211; \u00fcberwachung<\/li>\n<li>Ausbildung als CWI auf der Sternenflottenakademie<\/li>\n<\/ul>\n<p><span style=\"font-family: georgia, palatino;\"><b>Sprachen<\/b><\/span><\/p>\n<ul>\n<li><span style=\"font-family: georgia, palatino;\">F\u00f6derationsstandard<\/span><\/li>\n<li><span style=\"font-family: georgia, palatino;\">?<\/span><\/li>\n<li><span style=\"font-family: georgia, palatino;\">?<\/span><\/li>\n<li>?<\/li>\n<\/ul>\n<hr \/>\n<p><span style=\"font-family: georgia, palatino;\"><strong><span style=\"font-size: 24pt;\">Hobbies<\/span><\/strong><\/span><\/p>\n<p><span style=\"font-family: georgia, palatino;\">liest sehr gerne Sachtexte \u00fcber alle m\u00f6glichen Themen, hat sich dadurch obskure Kenntnisse in Gebieten angeeignet, die eigentlich nicht zu seinem Fachgebiet geh\u00f6ren.<br \/>\nWenn ihn ein bestimmtes Thema interessiert, kann er geradezu obsessiv alles dazu konsumieren, was er finden kann<br \/>\n<\/span><\/p>\n<hr \/>\n<p><span style=\"font-family: georgia, palatino; font-size: 24pt;\"><strong>Medizinisches Profil<\/strong><\/span><\/p>\n<p>&#8211; keine besonderen Kennzeichen<\/p>\n<p>&#8211; keine Krankheiten<\/p>\n<p>&#8211; Fitnesszustand akzeptabel, k\u00f6nnte besser sein<\/p>\n<p>&#8211; Besonderheiten der eigenen Spezies: Denobulaner brauchen sehr wenig Schlaf, machen daf\u00fcr einmal im Jahr einen Winterschlaf von 5-6 Tagen. Wenn sie w\u00e4hrend des Winterschlafs geweckt werden (schwierig, z.B. durch laute Ger\u00e4usche nicht m\u00f6glich), sind Denobulaner verwirrt und k\u00f6nnen ihren K\u00f6rper schlecht kontrollieren. Das Immunsystem der Denobulaner ist extrem stark. Denobulaner sind sehr strahlungsempfindlich. Sie k\u00f6nnen relativ lange ohne Nahrung \u00fcberleben.<\/p>\n<hr \/>\n<p><span style=\"font-family: georgia, palatino; font-size: 24pt;\"><strong><span id=\"Haustier\" class=\"mw-headline\">Haustier<\/span><\/strong><\/span><\/p>\n<p><span style=\"font-family: georgia, palatino;\">keine Eintr\u00e4ge<\/span><\/p>\n<hr \/>\n<p><span style=\"font-family: georgia, palatino;\"><strong><span style=\"font-size: 24pt;\">Klassifzierte Sektion<\/span><\/strong><\/span><\/p>\n<p><span style=\"font-family: georgia, palatino;\">keine Eintr\u00e4ge<\/span><\/p>\n<p>&nbsp;<\/p>\n<p>&nbsp;<\/p>\n","protected":false},"excerpt":{"rendered":"<p>Spirox &nbsp; Spirox Status PC Spieler Dejah T. Dienstliche Informationen Ranggrafik Rang Ensign Posten CWI Stationierung USB Midgard Biographische Informationen Geburtsjahr 2376 Geburtsort ? Familienstand verheiratet Eltern ? Geschwister ? Physische Beschreibung Spezies Denobulaner Geschlecht m Gr\u00f6\u00dfe 182 cm Gewicht 91 kg Haarfarbe braun Augenfarbe braun Hautfarbe ? Verhalten ? Kurzinfo ? Politische Informationen B\u00fcrgerschaft&#8230;<\/p>\n<p class=\"more-link-wrap\"><a href=\"https:\/\/sf-germany.com\/einheiten\/usb-midgard\/usb-midgard-sb-61\/die-crew\/spirox\/\" class=\"more-link\">Read More<span class=\"screen-reader-text\"> &ldquo;Spirox&rdquo;<\/span> &raquo;<\/a><\/p>\n","protected":false},"author":2,"featured_media":0,"parent":75,"menu_order":6,"comment_status":"closed","ping_status":"closed","template":"","meta":{"footnotes":""},"class_list":["post-355","page","type-page","status-publish","hentry"],"_links":{"self":[{"href":"https:\/\/sf-germany.com\/einheiten\/usb-midgard\/wp-json\/wp\/v2\/pages\/355","targetHints":{"allow":["GET"]}}],"collection":[{"href":"https:\/\/sf-germany.com\/einheiten\/usb-midgard\/wp-json\/wp\/v2\/pages"}],"about":[{"href":"https:\/\/sf-germany.com\/einheiten\/usb-midgard\/wp-json\/wp\/v2\/types\/page"}],"author":[{"embeddable":true,"href":"https:\/\/sf-germany.com\/einheiten\/usb-midgard\/wp-json\/wp\/v2\/users\/2"}],"replies":[{"embeddable":true,"href":"https:\/\/sf-germany.com\/einheiten\/usb-midgard\/wp-json\/wp\/v2\/comments?post=355"}],"version-history":[{"count":8,"href":"https:\/\/sf-germany.com\/einheiten\/usb-midgard\/wp-json\/wp\/v2\/pages\/355\/revisions"}],"predecessor-version":[{"id":365,"href":"https:\/\/sf-germany.com\/einheiten\/usb-midgard\/wp-json\/wp\/v2\/pages\/355\/revisions\/365"}],"up":[{"embeddable":true,"href":"https:\/\/sf-germany.com\/einheiten\/usb-midgard\/wp-json\/wp\/v2\/pages\/75"}],"wp:attachment":[{"href":"https:\/\/sf-germany.com\/einheiten\/usb-midgard\/wp-json\/wp\/v2\/media?parent=355"}],"curies":[{"name":"wp","href":"https:\/\/api.w.org\/{rel}","templated":true}]}}