{"id":300,"date":"2022-10-19T08:53:23","date_gmt":"2022-10-19T06:53:23","guid":{"rendered":"http:\/\/sf-germany.com\/einheiten\/usb-midgard\/?page_id=300"},"modified":"2023-02-02T11:19:30","modified_gmt":"2023-02-02T10:19:30","slug":"sif","status":"publish","type":"page","link":"https:\/\/sf-germany.com\/einheiten\/usb-midgard\/usb-midgard-sb-61\/die-crew\/skyla-lyma\/sif\/","title":{"rendered":"Sif"},"content":{"rendered":"<table style=\"background: none; border: 0px solid #ffffff; font-weight: bold; width: 95%;\" border=\"0\" cellspacing=\"5\" cellpadding=\"5\" align=\"center\">\n<tbody>\n<tr>\n<td style=\"-moz-border-radius: 1em; -moz-box-shadow: 0.1em 0.1em 0.5em rgba(0, 0, 0, 0.75); -webkit-border-radius: 1em; -webkit-box-shadow: 0.1em 0.1em 0.5em rgba(0, 0, 0, 0.75); background: none; border-radius: 1em; box-shadow: 0.1em 0.1em 0.5em rgba(0,0,0,0.75); vertical-align: middle; border: 0px solid #003366;\" colspan=\"5\" rowspan=\"3\" align=\"center\">\n<h2><strong>Sif<\/strong><\/h2>\n<\/td>\n<\/tr>\n<\/tbody>\n<\/table>\n<p>&nbsp;<\/p>\n<table style=\"background: none; border-radius: 1em; border: 0px solid #003366; box-shadow: rgba(0, 0, 0, 0.75) 0.1em 0.1em 0.5em; float: right; margin-bottom: 15px; margin-left: 15px; width: 20.4294%;\" border=\"1\" cellspacing=\"10\" align=\"right\">\n<tbody>\n<tr>\n<td style=\"border-style: solid; border-width: 0px; font-weight: bold; width: 89.1304%;\" colspan=\"2\" align=\"center\" width=\"240\"><a href=\"https:\/\/sf-germany.com\/einheiten\/usb-midgard\/wp-content\/uploads\/2022\/10\/Nopic-1.png\" rel=\"lightbox-0\"><img loading=\"lazy\" decoding=\"async\" class=\"aligncenter wp-image-124\" src=\"https:\/\/sf-germany.com\/einheiten\/usb-midgard\/wp-content\/uploads\/2022\/10\/Nopic-1.png\" alt=\"\" width=\"150\" height=\"225\" \/><\/a><\/td>\n<\/tr>\n<tr>\n<td style=\"border-style: solid; border-width: 0px; font-weight: bold; width: 89.1304%;\" colspan=\"2\" align=\"center\" width=\"240\"><span style=\"font-size: 10pt;\"><strong>Sif<\/strong><\/span><\/td>\n<\/tr>\n<tr>\n<td style=\"border-style: solid; border-width: 0px; font-weight: bold; width: 41.3043%;\" align=\"right\" width=\"111\"><span style=\"font-size: 10pt;\">Status<\/span><\/td>\n<td style=\"border-style: solid; border-width: 0px; width: 47.8261%;\" align=\"left\" width=\"129\"><span style=\"font-size: 10pt;\">NPC 1<\/span><\/td>\n<\/tr>\n<tr>\n<td style=\"border-style: solid; border-width: 0px; font-weight: bold; width: 41.3043%;\" align=\"right\" width=\"111\"><span style=\"font-size: 10pt;\">Spieler<\/span><\/td>\n<td style=\"border-style: solid; border-width: 0px; width: 47.8261%;\" align=\"left\" width=\"129\"><span style=\"font-size: 10pt;\"><a href=\"https:\/\/www.sf-germany.org\/cgi-bin\/visitenkarte.pl?spieler=234\">Carsten S.<\/a><\/span><\/td>\n<\/tr>\n<tr>\n<td style=\"background: #555555; border-radius: 1em; box-shadow: rgba(0, 0, 0, 0.75) 0.1em 0.1em 0.5em; font-weight: bold; border: 0px solid #003366; width: 89.1304%;\" colspan=\"2\" align=\"center\" width=\"240\"><span style=\"font-size: 10pt;\">Dienstliche Informationen<\/span><\/td>\n<\/tr>\n<tr>\n<td style=\"border-style: solid; border-width: 0px; font-weight: bold; width: 41.3043%;\" align=\"right\" width=\"111\"><span style=\"font-size: 10pt;\">Ranggrafik<\/span><\/td>\n<td style=\"border-style: solid; border-width: 0px; width: 47.8261%;\" align=\"left\" width=\"129\"><a href=\"https:\/\/sf-germany.com\/einheiten\/usb-midgard\/wp-content\/uploads\/2022\/10\/Ziv.png\" rel=\"lightbox-1\"><img loading=\"lazy\" decoding=\"async\" class=\"aligncenter wp-image-301\" src=\"https:\/\/sf-germany.com\/einheiten\/usb-midgard\/wp-content\/uploads\/2022\/10\/Ziv.png\" alt=\"\" width=\"100\" height=\"25\" \/><\/a><\/td>\n<\/tr>\n<tr>\n<td style=\"border-style: solid; border-width: 0px; font-weight: bold; width: 41.3043%;\" align=\"right\" width=\"111\"><span style=\"font-size: 10pt;\">Rang<\/span><\/td>\n<td style=\"border-style: solid; border-width: 0px; width: 47.8261%;\" align=\"left\" width=\"129\"><span style=\"font-size: 10pt;\">Zivilist<\/span><\/td>\n<\/tr>\n<tr>\n<td style=\"border-style: solid; border-width: 0px; font-weight: bold; width: 41.3043%;\" align=\"right\" width=\"111\"><span style=\"font-size: 10pt;\">Posten<\/span><\/td>\n<td style=\"border-style: solid; border-width: 0px; width: 47.8261%;\" align=\"left\" width=\"129\"><span style=\"font-size: 10pt;\">Geliebte<\/span><\/td>\n<\/tr>\n<tr>\n<td style=\"border-style: solid; border-width: 0px; font-weight: bold; width: 41.3043%;\" align=\"right\" width=\"111\"><span style=\"font-size: 10pt;\">Stationierung<\/span><\/td>\n<td style=\"border-style: solid; border-width: 0px; width: 47.8261%;\" align=\"left\" width=\"129\"><span style=\"font-size: 10pt;\">USB Midgard<\/span><\/td>\n<\/tr>\n<tr>\n<td style=\"background: #555555; border-radius: 1em; box-shadow: rgba(0, 0, 0, 0.75) 0.1em 0.1em 0.5em; font-weight: bold; border: 0px solid #003366; width: 89.1304%;\" colspan=\"2\" align=\"center\" width=\"240\"><span style=\"font-size: 10pt;\">Biographische Informationen<\/span><\/td>\n<\/tr>\n<tr>\n<td style=\"border-style: solid; border-width: 0px; font-weight: bold; width: 41.3043%;\" align=\"right\" width=\"111\"><span style=\"font-size: 10pt;\">Geburtstag<\/span><\/td>\n<td style=\"border-style: solid; border-width: 0px; width: 47.8261%;\" align=\"left\" width=\"129\"><span style=\"font-size: 10pt;\">keine Angabe<\/span><\/td>\n<\/tr>\n<tr>\n<td style=\"border-style: solid; border-width: 0px; font-weight: bold; width: 41.3043%;\" align=\"right\" width=\"111\"><span style=\"font-size: 10pt;\">Geburtsort<\/span><\/td>\n<td style=\"border-style: solid; border-width: 0px; width: 47.8261%;\" align=\"left\" width=\"129\"><span style=\"font-size: 10pt;\">H\u00f6llendimension<\/span><\/td>\n<\/tr>\n<tr>\n<td style=\"border-style: solid; border-width: 0px; font-weight: bold; width: 41.3043%;\" align=\"right\" width=\"111\"><span style=\"font-size: 10pt;\">Familienstand<\/span><\/td>\n<td style=\"border-style: solid; border-width: 0px; width: 47.8261%;\" align=\"left\" width=\"129\"><span style=\"font-size: 10pt;\">ledig<\/span><\/td>\n<\/tr>\n<tr>\n<td style=\"border-style: solid; border-width: 0px; font-weight: bold; width: 41.3043%;\" align=\"right\" width=\"111\"><span style=\"font-size: 10pt;\">Eltern<\/span><\/td>\n<td style=\"border-style: solid; border-width: 0px; width: 47.8261%;\" align=\"left\" width=\"129\"><span style=\"font-size: 10pt;\">&#8211;<\/span><\/td>\n<\/tr>\n<tr>\n<td style=\"border-style: solid; border-width: 0px; font-weight: bold; width: 41.3043%;\" align=\"right\" width=\"111\"><span style=\"font-size: 10pt;\">Geschwister<\/span><\/td>\n<td style=\"border-style: solid; border-width: 0px; width: 47.8261%;\" align=\"left\" width=\"129\"><span style=\"font-size: 10pt;\">&#8211;<\/span><\/td>\n<\/tr>\n<tr>\n<td style=\"background: #555555; border-radius: 1em; box-shadow: rgba(0, 0, 0, 0.75) 0.1em 0.1em 0.5em; font-weight: bold; border: 0px solid #003366; width: 89.1304%;\" colspan=\"2\" align=\"center\" width=\"240\"><span style=\"font-size: 10pt;\">Physische Beschreibung<\/span><\/td>\n<\/tr>\n<tr>\n<td style=\"border-style: solid; border-width: 0px; font-weight: bold; width: 41.3043%;\" align=\"right\" width=\"111\"><span style=\"font-size: 10pt;\">Spezies<\/span><\/td>\n<td style=\"border-style: solid; border-width: 0px; width: 47.8261%;\" align=\"left\" width=\"129\"><span style=\"font-size: 10pt;\">Sukkubus (D\u00e4mon)<\/span><\/td>\n<\/tr>\n<tr>\n<td style=\"border-style: solid; border-width: 0px; font-weight: bold; width: 41.3043%;\" align=\"right\" width=\"111\"><span style=\"font-size: 10pt;\">Geschlecht<\/span><\/td>\n<td style=\"border-style: solid; border-width: 0px; width: 47.8261%;\" align=\"left\" width=\"129\"><span style=\"font-size: 10pt;\">weiblich<\/span><\/td>\n<\/tr>\n<tr>\n<td style=\"border-style: solid; border-width: 0px; font-weight: bold; width: 41.3043%;\" align=\"right\" width=\"111\"><span style=\"font-size: 10pt;\">Gr\u00f6\u00dfe<\/span><\/td>\n<td style=\"border-style: solid; border-width: 0px; width: 47.8261%;\" align=\"left\" width=\"129\"><span style=\"font-size: 10pt;\">180 cm<\/span><\/td>\n<\/tr>\n<tr>\n<td style=\"border-style: solid; border-width: 0px; font-weight: bold; width: 41.3043%;\" align=\"right\" width=\"111\"><span style=\"font-size: 10pt;\">Gewicht<\/span><\/td>\n<td style=\"border-style: solid; border-width: 0px; width: 47.8261%;\" align=\"left\" width=\"129\"><span style=\"font-size: 10pt;\">70 kg<\/span><\/td>\n<\/tr>\n<tr>\n<td style=\"border-style: solid; border-width: 0px; font-weight: bold; width: 41.3043%;\" align=\"right\" width=\"111\"><span style=\"font-size: 10pt;\">Haarfarbe<\/span><\/td>\n<td style=\"border-style: solid; border-width: 0px; width: 47.8261%;\" align=\"left\" width=\"129\"><span style=\"font-size: 10pt;\">schwarz<\/span><\/td>\n<\/tr>\n<tr>\n<td style=\"border-style: solid; border-width: 0px; font-weight: bold; width: 41.3043%;\" align=\"right\" width=\"111\"><span style=\"font-size: 10pt;\">Augenfarbe<\/span><\/td>\n<td style=\"border-style: solid; border-width: 0px; width: 47.8261%;\" align=\"left\" width=\"129\"><span style=\"font-size: 10pt;\">Kobaltblau<\/span><\/td>\n<\/tr>\n<tr>\n<td style=\"border-style: solid; border-width: 0px; font-weight: bold; width: 41.3043%;\" align=\"right\" width=\"111\"><span style=\"font-size: 10pt;\">Aussehen<\/span><\/td>\n<td style=\"border-style: solid; border-width: 0px; width: 47.8261%;\" align=\"left\" width=\"129\"><span style=\"font-size: 10pt;\">&#8211; Hautfarbe: sehr hell<\/span><br \/>\n<span style=\"font-size: 10pt;\">&#8211; Besonderheit: Z\u00e4hne: Eckz\u00e4hne etwas l\u00e4nger als normal<\/span><br \/>\n<span style=\"font-size: 10pt;\">&#8211; Oberweite: gute Handvoll.<\/span><br \/>\n<span style=\"font-size: 10pt;\">&#8211; Piercings: diverse, im bekleideten Zustand sichtbare und nicht sichtbare<\/span><\/td>\n<\/tr>\n<tr>\n<td style=\"border-style: solid; border-width: 0px; font-weight: bold; width: 41.3043%;\" align=\"right\" width=\"111\"><span style=\"font-size: 10pt;\">Verhalten<\/span><\/td>\n<td style=\"border-style: solid; border-width: 0px; width: 47.8261%;\" align=\"left\" width=\"129\"><\/td>\n<\/tr>\n<tr>\n<td style=\"border-style: solid; border-width: 0px; font-weight: bold; width: 41.3043%;\" align=\"right\" width=\"111\"><span style=\"font-size: 10pt;\">Kurzinfo<\/span><\/td>\n<td style=\"border-style: solid; border-width: 0px; width: 47.8261%;\" align=\"left\" width=\"129\"><span style=\"font-size: 10pt;\">Besitzt eine <strong>D\u00e4monenform<\/strong>*<\/span><\/td>\n<\/tr>\n<tr>\n<td style=\"background: #555555; border-radius: 1em; box-shadow: rgba(0, 0, 0, 0.75) 0.1em 0.1em 0.5em; font-weight: bold; border: 0px solid #003366; width: 89.1304%;\" colspan=\"2\" align=\"center\" width=\"240\"><span style=\"font-size: 10pt;\">Politische informationen<\/span><\/td>\n<\/tr>\n<tr>\n<td style=\"border-style: solid; border-width: 0px; font-weight: bold; width: 41.3043%;\" align=\"right\" width=\"111\"><span style=\"font-size: 10pt;\">B\u00fcrgerschaft<\/span><\/td>\n<td style=\"border-style: solid; border-width: 0px; width: 47.8261%;\" align=\"left\" width=\"129\"><\/td>\n<\/tr>\n<tr>\n<td style=\"border-style: solid; border-width: 0px; font-weight: bold; width: 41.3043%;\" align=\"right\" width=\"111\"><span style=\"font-size: 10pt;\">\u00a0Religion<\/span><\/td>\n<td style=\"border-style: solid; border-width: 0px; width: 47.8261%;\" align=\"left\" width=\"129\"><\/td>\n<\/tr>\n<\/tbody>\n<\/table>\n<p><strong><span style=\"font-size: 24pt;\">Lebenslauf<\/span><\/strong><\/p>\n<p>Sif wurde in der H\u00f6llendimension geboren und stieg im Laufe der Zeit &#8211; soweit Zeit in dieser Dimenson von Relevanz ist &#8211; zur bevorzugten Kundschafterin eines der dortigen F\u00fcrsten (4. Hohe Lord des Gro\u00dfen Kreises) auf. W\u00e4hrend vielen der wiederholten Versuche des Herrschers, das Einsteinuniversum zu erobern, war sie an vorderster Front dabei, trotzdem wurden die Kr\u00e4fte des D\u00e4monenuniversums immer wieder zur\u00fcck geschlagen. Dennoch gelang es ihr im Laufe der Zeit eine \u00fcberraschend hohes Ma\u00df an Macht (pers\u00f6nliche F\u00e4higkeiten) aufzunehmen, wodurch sie auch im Rang aufstieg &#8211; ein Sukkubus ist normalerweise ein niederer D\u00e4mon.<\/p>\n<p>Beim letzten Versuch das Einsteinuniversum zu erobern, wurde Sif als Kundschafterin voraus geschickt, da anfangs nur sie den \u00dcbergang schadlos und relativ machtvoll \u00fcberstehen konnte. Dabei unterlief der D\u00e4monin allerdings ein schwerer Fehler &#8211; sie lernte Freundschaft, Verantwortung und Liebe kennen, alles Emotionen, die sie nicht kannte.<\/p>\n<p>Diese Gef\u00fchle waren so neu, spannend und \u00fcberw\u00e4ltigend, da\u00df sie im Endeffekt beschlo\u00df, ihrem Herren zu trotzen und ihre neuen Freunde zu retten, und ein Leben in der D\u00e4monendimension gegen das ihr v\u00f6llig unbekannte Leben in der Einsteindimension zu tauschen.<\/p>\n<p>Seither sitzt sie auf der USB Atlantis fest und ist Teil des Mara-Nimashet-Sif M\u00e4dchentrios<br \/>\nSie kann mit dem Drachen (Asynjur) im Arboretrum reden, so sie die Drachendame wecken kann. Dazu benutzt sie eine auf Telapathie basierende Sprache.<\/p>\n<p>&nbsp;<\/p>\n<p><strong>*Informationen zur D\u00e4monenform<\/strong><\/p>\n<p>&#8211; Augenfarbe: Gold (Iris und Apfel)<br \/>\n&#8211; Hautfarbe: Kobaltblau<br \/>\n&#8211; Besonderheit: blutrote Tattoos wandern \u00fcber den K\u00f6rper (sind aber am verschwinden)<br \/>\n&#8211; H\u00f6rner: Leicht zu einander gebogen 1-2 cm \u00fcber Haare hinausragend schwarz roter Farbverlauf<br \/>\n&#8211; Vampirz\u00e4hne: Ober- und Unterkiefer gerade eben sichtbare Verl\u00e4ngerung.<br \/>\n&#8211; Lange N\u00e4gel: golden, spitz zulaufend &#8211; scharf<br \/>\n&#8211; Oberweite: leicht erweitert.<br \/>\n&#8211; Schwanz mit Quaste wie bei einem L\u00f6wen<br \/>\n&#8211; Piercings: diverse (siehe Menschenform)<\/p>\n<p>&nbsp;<\/p>\n<hr \/>\n<p><strong><span style=\"font-size: 24pt;\">Psychologisches Profil<\/span><\/strong><\/p>\n<p>Obwohl ein nach menschlichen Ma\u00dfst\u00e4ben wohl Jahrtausende alter D\u00e4mon &#8211; ein Sukkubus &#8211; ist sie wie ein kleines Kind, das alles neue mit offenen Armen empf\u00e4ngt und noch nicht gelernt hat, was es bedeutet, von Menschen ent\u00e4uscht zu werden.<\/p>\n<p>Generell kann man sie als Offen f\u00fcr Alles beschreiben, so lange es sich nicht negativ gegen Mara oder Nimashet auswirkt, die sie als ihre Familie und Gef\u00e4hrtinnen ansieht.<\/p>\n<p>Die Folgen, wenn Sif tats\u00e4chlich in Wut die Kontrolle \u00fcber sich verliert sind &#8211; noch &#8211; unbekannt, das sowohl Nimashet als auch Mara ihre sch\u00fctzende Hand \u00fcber Sif halten.<\/p>\n<hr \/>\n<p><span style=\"font-size: 24pt;\"><strong>Spezialgebiete<\/strong><\/span><\/p>\n<p>Generell braucht Sif f\u00fcr die Aus\u00fcbung ihrer d\u00e4monischen (Sukkubus) F\u00e4higkeiten Energie &#8211; siehe Medizinische Akte. F\u00fcr einige hochentwickelte D\u00e4monische F\u00e4higkeiten, br\u00e4uchte sie Zugang zu einer sogenannten Kraftquelle, s\u00e4mtliche dieser Quellen befinden sich nach derzeitigem Kenntnisstand in der H\u00f6llendimension und sind nach Schlie\u00dfung aller Portale unzug\u00e4nglich, weshalb Sif keinen Zugriff mehr darauf hat.<\/p>\n<p>Sie ist ein Sukkubus, und damit ist sie grunds\u00e4tzlich unsterblich und altert nicht, so lange sie kein Opfer physischer Gewalt wird. Des Weiteren verf\u00fcgt sie \u00fcber eine ausgezeichnetete Nachtsicht und ist in der Lage menschliche Gef\u00fchle bis zu einem gewissen Grad zu manipulieren, was zumeist bedeutet, dass zu Zuneigung, Angst und selbst verst\u00e4ndlich Lust in einzelnen Personen oder auch Personengruppen wecken kann.<\/p>\n<p>Selbst wenn sie menschiche Nahrung genie\u00dfen kann und zum \u00dcberleben braucht, h\u00e4ngt die Verwendung ihrer F\u00e4higkeiten grunds\u00e4tzlich davon ab, in regelm\u00e4\u00dfigen Abst\u00e4nden Energie von anderen Lebewesen zu absorbieren. Aufgrund ihres Alters und Ausbildungsgrades ist sie aber in der Lage, sehr genau zu dosieren, wieviel Energie sie abzapft, und beschr\u00e4nkt sich daher darauf, \u00fcbersch\u00fcssige Energie, wie sie bei besonders heftigen Gef\u00fchlswallungen (sie bevorzugt die Ekstase des Sex) auftreten, zu absorbieren. Wobei die Energie von Mara und Nimashet einen besonderen Stellenwert f\u00fcr sie hat.<br \/>\nDie meisten dieser F\u00e4higkeiten sind beiden Erscheinungsformen einsetzbar, allerdings gibt es einen gravierenden Unterschied.<br \/>\nBei der Transformation in D\u00e4monenform bricht ihre eigene Energie hervor und breitet sich in Wellenform um sie herum aus, was bei Kontakt mit anderen Humanoiden extrem aphrodisierend auf diese wirkt, aber dieser Aspekt ist noch nicht gen\u00fcgend erforscht. Sif kann dies entweder nicht vollst\u00e4ndig kontrollieren und legt keinen Wert darauf das zu tun.<\/p>\n<p>Die Umwandlung von Mensch zu D\u00e4mon kann Sif selbstst\u00e4ndig hervorrufen oder bis zu einem gewissen Grad verhindern. Jedoch nicht abbrechen, sobald ein gewisser Punkt \u00fcberschritten ist, nach eigenen Angaben ist die Verwandlung f\u00fcr sie pers\u00f6nlich sehr befriedigen.<\/p>\n<hr \/>\n<p><span style=\"font-size: 24pt;\"><strong>Hobbies<\/strong><\/span><\/p>\n<p>&nbsp;<\/p>\n<hr \/>\n<p><span style=\"font-size: 24pt;\"><strong>Medizinisches Profil<\/strong><\/span><\/p>\n<p>In ihrer Menschlichen Form unauff\u00e4llig, in ihre D\u00e4monenform versagen alle Diagnoseger\u00e4te, so das maximal Abtasten m\u00f6glich w\u00e4re. Des Weiteren haben sowohl die internen Sensoren, als auch die Transporter Schwierigkeiten Sif in D\u00e4monenform zu erfassen. So ist Beamen zum Beispiel v\u00f6llig unm\u00f6glich.<\/p>\n<p>Sifs Energie wird von einigen Spezies mit gutem Geruchssinn als Pheromon wahr genommen, allerdings gibt es dabei keine Verbindung, tats\u00e4chlich handelt es sich um eine unbekannte Energieform. Abwehr- oder Schutzma\u00dfnahmen sind bisher nicht bekannt.<\/p>\n<p>W\u00e4hrend wiederholte Aussetzung dieser Energie f\u00fcr Frauen relativ harmlos ist, wird bei M\u00e4nnern eine Wirkung erz\u00e4hlt, die orionischen Pheromonen \u00e4hnelt &#8211; bis hin zu absoluten H\u00f6rigkeit. Aussagen von Sif lassen indes vermuten, dass sie den Prozess verhindern, abbrechen oder aber auch selbst beschleunigen kann.<\/p>\n<p>M\u00e4nner, die ihr so verfallen und denen ihre Energie dann vollst\u00e4ndig entzogen wird, verfallen innerhalb relativ kurzer Zeit unrettbar dem Wahnsinn, was schlussendlich zum Tode f\u00fchrt.<\/p>\n<hr \/>\n<p><span style=\"font-size: 24pt;\"><strong>Klassifzierte Sektion<\/strong><\/span><\/p>\n<p>Verf\u00fcgt noch immer \u00fcber ihr Wissen und beschr\u00e4nkt \u00fcber ihre F\u00e4higkeiten aus der anderen Dimension, da noch immer eine &#8222;Br\u00fccke&#8220; in die andere Dimension besteht.<br \/>\nDiese Br\u00fccke k\u00f6nnte ihr eines Tages zur Gefahr werden, wenn ihr ehemaliger Herrscher herausfindet, dass sie dadurch gegenseitig angreifbar sind.<\/p>\n<p>&nbsp;<\/p>\n","protected":false},"excerpt":{"rendered":"<p>Sif &nbsp; Sif Status NPC 1 Spieler Carsten S. Dienstliche Informationen Ranggrafik Rang Zivilist Posten Geliebte Stationierung USB Midgard Biographische Informationen Geburtstag keine Angabe Geburtsort H\u00f6llendimension Familienstand ledig Eltern &#8211; Geschwister &#8211; Physische Beschreibung Spezies Sukkubus (D\u00e4mon) Geschlecht weiblich Gr\u00f6\u00dfe 180 cm Gewicht 70 kg Haarfarbe schwarz Augenfarbe Kobaltblau Aussehen &#8211; Hautfarbe: sehr hell &#8211;&#8230;<\/p>\n<p class=\"more-link-wrap\"><a href=\"https:\/\/sf-germany.com\/einheiten\/usb-midgard\/usb-midgard-sb-61\/die-crew\/skyla-lyma\/sif\/\" class=\"more-link\">Read More<span class=\"screen-reader-text\"> &ldquo;Sif&rdquo;<\/span> &raquo;<\/a><\/p>\n","protected":false},"author":1,"featured_media":0,"parent":182,"menu_order":2,"comment_status":"closed","ping_status":"closed","template":"","meta":{"footnotes":""},"class_list":["post-300","page","type-page","status-publish","hentry"],"_links":{"self":[{"href":"https:\/\/sf-germany.com\/einheiten\/usb-midgard\/wp-json\/wp\/v2\/pages\/300","targetHints":{"allow":["GET"]}}],"collection":[{"href":"https:\/\/sf-germany.com\/einheiten\/usb-midgard\/wp-json\/wp\/v2\/pages"}],"about":[{"href":"https:\/\/sf-germany.com\/einheiten\/usb-midgard\/wp-json\/wp\/v2\/types\/page"}],"author":[{"embeddable":true,"href":"https:\/\/sf-germany.com\/einheiten\/usb-midgard\/wp-json\/wp\/v2\/users\/1"}],"replies":[{"embeddable":true,"href":"https:\/\/sf-germany.com\/einheiten\/usb-midgard\/wp-json\/wp\/v2\/comments?post=300"}],"version-history":[{"count":4,"href":"https:\/\/sf-germany.com\/einheiten\/usb-midgard\/wp-json\/wp\/v2\/pages\/300\/revisions"}],"predecessor-version":[{"id":710,"href":"https:\/\/sf-germany.com\/einheiten\/usb-midgard\/wp-json\/wp\/v2\/pages\/300\/revisions\/710"}],"up":[{"embeddable":true,"href":"https:\/\/sf-germany.com\/einheiten\/usb-midgard\/wp-json\/wp\/v2\/pages\/182"}],"wp:attachment":[{"href":"https:\/\/sf-germany.com\/einheiten\/usb-midgard\/wp-json\/wp\/v2\/media?parent=300"}],"curies":[{"name":"wp","href":"https:\/\/api.w.org\/{rel}","templated":true}]}}