{"id":1087,"date":"2024-11-09T23:08:27","date_gmt":"2024-11-09T22:08:27","guid":{"rendered":"https:\/\/sf-germany.com\/einheiten\/usb-midgard\/?page_id=1087"},"modified":"2024-11-09T23:08:27","modified_gmt":"2024-11-09T22:08:27","slug":"asgon","status":"publish","type":"page","link":"https:\/\/sf-germany.com\/einheiten\/usb-midgard\/info-terminal\/asgon\/","title":{"rendered":"Asgon"},"content":{"rendered":"<p><a href=\"https:\/\/sf-germany.com\/einheiten\/usb-midgard\/wp-content\/uploads\/2022\/09\/Logo-SB-61.png\" rel=\"lightbox-0\"><img loading=\"lazy\" decoding=\"async\" class=\"aligncenter wp-image-66\" src=\"https:\/\/sf-germany.com\/einheiten\/usb-midgard\/wp-content\/uploads\/2022\/09\/Logo-SB-61.png\" alt=\"\" width=\"150\" height=\"150\" srcset=\"https:\/\/sf-germany.com\/einheiten\/usb-midgard\/wp-content\/uploads\/2022\/09\/Logo-SB-61.png 789w, https:\/\/sf-germany.com\/einheiten\/usb-midgard\/wp-content\/uploads\/2022\/09\/Logo-SB-61-300x300.png 300w, https:\/\/sf-germany.com\/einheiten\/usb-midgard\/wp-content\/uploads\/2022\/09\/Logo-SB-61-150x150.png 150w, https:\/\/sf-germany.com\/einheiten\/usb-midgard\/wp-content\/uploads\/2022\/09\/Logo-SB-61-768x767.png 768w\" sizes=\"auto, (max-width: 150px) 100vw, 150px\" \/><\/a><\/p>\n<h1 style=\"text-align: center;\"><span style=\"font-size: 24pt;\"><strong><big>Asgon &#8211; Arcturus 3<\/big><\/strong><\/span><\/h1>\n<p>&nbsp;<\/p>\n<hr \/>\n<h1><strong><span style=\"font-size: 18pt;\">Die Asgon<\/span><\/strong><\/h1>\n<p>Starfleet A-9912-Cr5, Stardate: 51217.0000 (70912.2200)<\/p>\n<h2><span style=\"font-size: 14pt;\"><strong>Physiologie &amp; Biologie<\/strong><\/span><\/h2>\n<p>Eine humanoide Spezies die sich auf dem 3. Planeten der Roten Sonne Arcturus Alpha entwickelt hat. Wesentliche Unterschiede zu Menschen entstanden aus der speziellen Umgebung: Der Planet hat nur eine Anziehungskraft von 75% des Erdstandards und entsprechend eine d\u00fcnne Atmosph\u00e4re (entspricht Terra-Standard in 4000m H\u00f6he). Au\u00dferdem ist die Sonne weit und schwach (insbes. im ultravioletten Strahlungsbereich), so dass die Temperaturen meist nahe dem Gefrierpunkt liegen (Tag\/Sommer: 10\u00b0C, Tag\/Winter: -15\u00b0C, N\u00e4chte je etwa 10\u00b0 weniger).<\/p>\n<p>Die Asgoniden selbst sind meist schlank, extrem langgliedrig und hochgewachsen (1.8m &#8211; 2.2m), besitzen silbrig wei\u00df glitzerndes Haar, Z\u00e4hne und N\u00e4gel und haben eine recht leichte Knochenstruktur, die unter Standardbedingungen schnell zu Frakturen neigt.<\/p>\n<p>Ihre immer makellos wei\u00dfe Haut besitzt keinerlei Schutz gegen UV-Strahlen und daher m\u00fcssen bei Au\u00dfenteams immer geeignete Gegenma\u00dfnahmen getroffen werden, sonst kommt es zu schweren Hautsch\u00e4den. Andererseits ist die Haut ein sehr effizienter W\u00e4rmespeicher, so dass Asgoniden selbst bei 0\u00b0C noch lange Zeit mit sp\u00e4rlicher Bekleidung problemlos \u00fcberstehen.<\/p>\n<p>Tr\u00e4nen und Schwei\u00df kann der K\u00f6rper nicht absondern, um Erfrierungen der Haut zu vermeiden, die K\u00f6rperk\u00fchlung erfolgt &#8218;trocken&#8216;. Ihr Blutkreislauf ist sehr effizient in der Sauerstoffgewinnung aus d\u00fcnner Luft und speichert auch genug f\u00fcr ca. 5 Minuten normaler Aktivit\u00e4t. In dickerer Luft (z.B. Erdstandard) sind Asgoniden eher kurzatmig, da ihre Lungen gegen einen st\u00e4rkeren Au\u00dfendruck arbeiten m\u00fcssen. Hinzu kommt eine generelle schnellere Ersch\u00f6pfung der Muskulatur wegen der erh\u00f6hten Gravitation und leichte Kreislaufprobleme wegen den ungewohnt hohen Temperaturen.<\/p>\n<p>Interstellar reisende Asgoniden m\u00fcssen au\u00dferdem regelm\u00e4\u00dfig Breitbanimmunisierungen durchf\u00fchren, da ihre Heimat praktisch keine Mikroben und Krankheitskeime kennt.<\/p>\n<p>Die Wahrnehmung der Asgoniden ist sehr \u00e4hnlich der menschlichen bis auf das Sehen. Hier fehlt ihnen die M\u00f6glichkeit Farben von Blau bis Violett zu erkennen (statt dessen nur Schwarz) andererseits k\u00f6nnen sie im Infrarot drei zus\u00e4tzliche Hauptfarben erkennen. Zus\u00e4tzlich besitzen die adligen Asgoniden meist eine sehr stark ausgepr\u00e4gte empathische Begabung (s.u.).<\/p>\n<p>&nbsp;<\/p>\n<h2><span style=\"font-size: 14pt;\"><strong>Fortpflanzung\/Schwangerschaft<\/strong><\/span><\/h2>\n<p>Da die Heimatwelt der Asgon ein kalter Planet mit maximal -10\u00b0C im Sommer und -15\u00b0C im Winter ist und die Temperaturen selten \u00fcber 0\u00b0C steigen, wenn die Sonne scheint, werden im Sommer die meisten Kinder geboren, da es die beste Zeit zum \u00dcberleben ist. Auch in der weiteren Entwicklung ist es den Asgon noch nicht gelungen, diesen Kreislauf auf nat\u00fcrlichem Wege zu durchbrechen (s.u.).<\/p>\n<p>Die weiblichen Asgon haben keine Regelblutung, so wie die meisten humanoiden Spezies. Nur in den Fr\u00fchlingsmonaten sind sie fruchtbar und zeigen einen vermehrten Willen, sich einen Partner zu suchen. Dies ist die optimale Zeit sich fortzupflanzen. Mit Hilfe von Hormonen oder auf anderen Planeten kann dieser Rhythmus aber auch gest\u00f6rt werden und sich den Gegebenheiten anpassen.<\/p>\n<p>Die Befruchtung findet daher fast immer im &#8222;Fr\u00fchling&#8220; statt. Die Entwicklung des befruchteten Eies ruht allerdings bis in die Herbstmonate. Steht ein sehr strenger Winter bevor, kann es sein, dass die Eizelle wieder resorbiert wird und somit die Schwangerschaft beendet ist.<\/p>\n<p>In den ersten f\u00fcnf Monaten ist also keine Schwangerschaft zu erkennen. Der K\u00f6rper zeigt keine Anzeichen einer Schwangerschaft. Bei der Frau zeigt sich dann in den Herbstmonaten ein(e) vermehrte(r) M\u00fcdigkeit\/Schlafdrang und Kurzatmigkeit. In dieser Zeit frieren sie h\u00e4ufiger, da sich der K\u00f6rper auf einen anderen Stoffwechsel umstellen muss, er hat nun auch ein Kind mit zu versorgen. Die Tagesaktivit\u00e4t und Konzentration l\u00e4sst stark nach.<\/p>\n<p>In den restlichen 16 bis 18 Wochen (4 &#8211; 4,5 Monate) beginnt der F\u00f6tus schnell zu wachsen. Die L\u00e4nge der Schwangerschaft\/Entwicklung des F\u00f6tus ist abh\u00e4ngig von der Temperatur im Winter. Ist es warm, entwickelt sich das Kind schneller als in kalten Wintern.<\/p>\n<p>Die Aktivit\u00e4t der Frau nimmt wieder zu. Sie sucht die W\u00e4rme der Sonne oder \u00e4hnliche W\u00e4rmequellen. Die Frau ist nun erfreut, wenn sich Personen um sie k\u00fcmmern. Schon in dieser Zeit ist ein empathischer Kontakt bei adeligen Asgon zum Kind m\u00f6glich. Die Schwangere muss darauf achten, was sie denkt, da das Kind darauf reagiert. Vor allem Stress ist in dieser Zeit zu vermeiden! Bei &#8222;normalen&#8220; schwangeren Asgon ist dies weniger stark ausgepr\u00e4gt.<\/p>\n<p>Die Geburt verl\u00e4uft recht problemlos und schnell. Im Verh\u00e4ltnis zum Menschen sind die Kinder relativ klein (30-40cm, 1-1,5kg), da die Frauen auf dem Planeten schnell zu Kr\u00e4ften kommen m\u00fcssen und ein zu gro\u00dfes Kind sie zu sehr schw\u00e4chen w\u00fcrde.<\/p>\n<p>Die Stillperiode betr\u00e4gt meist ein Jahr. In modernen Zeiten nimmt sie aber, durch neue Methoden und M\u00f6glichkeiten bedingt, stark ab. Die Adligen haben meist eine Amme f\u00fcr ihre Kinder.<\/p>\n<p>Zum Zyklus ist zu sagen, dass die Asgon erst seit ca. 50 Jahren der F\u00f6deration angeh\u00f6ren. Deshalb gibt es nur sehr wenige Vertreter dieser Spezies au\u00dferhalb ihres Systems. Die harten Bedingungen lie\u00dfen noch nicht zu, dass sich dieser Fortpflanzungszyklus seit ungef\u00e4hr 2000 Jahren ge\u00e4ndert hat. Solche Ver\u00e4nderungen brauchen mehr Zeit. In den Gedanken und Genen ist dieser Rhythmus noch zu stark ver\u00e4ndert, aber es wird daran gearbeitet. Der Sommer ist nun mal noch die beste Jahreszeit f\u00fcr Nachwuchs.<\/p>\n<p>&nbsp;<\/p>\n<hr \/>\n<p><strong><span style=\"font-size: 18pt;\">Soziologie\/Geschichte<\/span><\/strong><\/p>\n<p>Die asgonidische Kultur ist aristokratisch gepr\u00e4gt und sehr starr in ihrer sozialen Gliederung, die sich vor allem in der Kleidung und Repr\u00e4sentationsschmuck (wie z.B. Orden, Medaillen, Sch\u00e4rpen sowie Kragen- und Schulterst\u00fccke) widerspiegelt.<\/p>\n<p>Kriege sind schon seit \u00fcber 1000 Jahren nicht mehr vorgekommen. Machtgel\u00fcste und andere Konflikte wurden schon immer eher durch Diplomatie (Ehen und andere Vertr\u00e4ge), Intrigen und gelegentlichen Attentaten als durch unn\u00f6tige Kriege und ausufernde Gewalt gel\u00f6st.<\/p>\n<p>Vor dem Erstkontakt mit der F\u00f6deration entsprach die technologische Entwicklung in etwa dem Beginn des terranischen Raumfahrtzeitalter (1970 AD), die Kultur war schon damals eine globale Aristokratie, in ihrem Aussehen eher entsprechend der sogenannten Victorianischen Epoche auf der Erde. Nur gibt es keinen planetaren Alleinherrscher sondern ein Rat der Anf\u00fchrer aller Adelsh\u00e4user (dem sogenannten Kristallrat), die jeweils \u00fcber Teilgebiete (einzelne St\u00e4dte bis hin zu Kontinenten) herrschen.<\/p>\n<p>Der Erstkontakt geschah im Jahr 2316 durch eine Verkettung gl\u00fccklicher Umst\u00e4nde. Eine der ersten Asgonidischen Mondlandungen f\u00fchrte zur Entdeckung eines uralten havarierten Raumschiffes. Zu dessen Untersuchung wurde sofort eine permanente Mondbasis aufgebaut, und zugleich das Raumfahrtbudget verzehnfacht. Als dann bei einem vorsichtigen Probelauf der gefundene Warpantrieb eingeschaltet wurde, kam es zum (verfr\u00fchten) Erstkontakt durch die USS Heisenberg, die gerade in diesem Sektor astrophysikalisch Anomalien untersuchte. Die Aufnahme in die F\u00f6deration und der technologische Austausch wurden aber so lange aufgeschoben bis die Asgoniden aus eigener Kraft ein Warptriebwerk bauen konnten, was erstmals 2348 gelang. (Es gibt inzwischen deutliche Hinweise darauf, da\u00df jenes Wrack auf dem Mond ein Kolonistenschiff war, da\u00df die Asgoniden erst auf ihre Welt gebracht hatte, vor ca 2500 Jahren.)<\/p>\n<p>Seit dem Beitritt zur F\u00f6deration im Jahre 2348 haben die Asgoniden erste demokratische Reformen durchgef\u00fchrt und mit dem technologischen Angleichen an die F\u00f6deration geht ebenfalls eine kulturelle Anpassung einher. So werden inzwischen auf allen Ebenen demokratische Wahlen abgehalten, aber meist sind die Kandidaten Mitglieder der lokalen Herrscherfamilie und im Kristallrat sitzen noch immer Mitglieder der selben aristokratischen Familien wie wie vor Hundert Jahren.<\/p>\n<p>&nbsp;<\/p>\n<hr \/>\n<h2><strong><span style=\"font-size: 18pt;\">Psychologie<\/span><\/strong><\/h2>\n<p><span style=\"font-size: 17px;\">Die Psychologie der Asgoniden ist stark gepr\u00e4gt von ihrer sozialen Ordnung. Loyalit\u00e4t, Befehl und Gehorsam sind zentrale Werte aller Asgoniden. Hinzu kommt gerade unter den Adligen eine gewisse Arroganz gegen\u00fcber anderen V\u00f6lkern, die aber eher zur Mi\u00dfachtung als zur Verachtung f\u00fchrt. Dar\u00fcber hinaus kann man die meisten Asgoniden als sehr vergn\u00fcgungss\u00fcchtig beschreiben und sie lassen keine Gelegenheit aus berauschende Mittel zu sich zu nehmen oder Holoadventures zu spielen, jedoch generell lieber allein als in Gesellschaft. Die Privatsph\u00e4re ist allen Asgoniden sehr wichtig, den psionisch begabten ist sie sogar heilig da sie sonst zu stark fremden Gef\u00fchlen ausgesetzt sind.<\/span><\/p>\n<p><span style=\"font-size: 17px;\">Die Mehrheit der Asgoniden glaubt noch immer an eine Vielzahl von Ahneng\u00f6ttern, man kennt aber keinerlei religi\u00f6sen Fanatismus und die Rituale werden eher aus Tradition als aus empfundener Verehrung ausge\u00fcbt. Schon sehr lange abgeschafft ist die Vorstellung, da\u00df die Adelsfamilien Abk\u00f6mmlinge der G\u00f6tter sind und inzwischen gelten alle Vorfahren in gleichem Umfang als g\u00f6ttlich ohne Ansehen des Ranges.<\/span><\/p>\n<h2><strong><span style=\"font-size: 19px;\"> Besondere F\u00e4higkeiten: <\/span><\/strong><\/h2>\n<h6><span style=\"font-size: 17px;\">Psionik:<\/span><\/h6>\n<p><span style=\"font-size: 17px;\">Die psionische F\u00e4higkeiten der Asgoniden kann man grob in zwei Bereiche gliedern:<\/span><\/p>\n<p><span style=\"font-size: 17px;\">a) Passive Empathie: Gef\u00fchle lesen und interpretieren (Speziesunabh\u00e4ngig); Reichweite: 100m bis wenige km (im Weltall); hier besteht aber das Problem, dass Asgoniden sich nicht gut abschirmen k\u00f6nnen, d.h. in gro\u00dfen Menschenansammlungen oder bei direktem K\u00f6rperkontakt beeinflussen die wahrgenommenen Gef\u00fchle die eigene Psyche (dies f\u00fchrt zu Irritation, Kopfschmerz oder sogar chaotischen Gem\u00fctsschwankungen)<\/span><\/p>\n<p><span style=\"font-size: 17px;\">b) Aktive Empathie: Gef\u00fchle in anderen erzeugen; von einfachen Gef\u00fchlsimpulsen (wie z.B.: Gehorsam, Bewunderung, Furcht, Begehren, Beruhigung), \u00fcber komplexere Emotionsmuster (z.B.: Hunger auf Schokolade, Schmerzen), bis hin zur Behandlung von emotionalen psychischen St\u00f6rungen (z.B.: Depressionen, bestimmte Suchtformen, Phobien), letzeres erfordert aber eine t\u00e4gliche Therapie von mehreren Wochen Dauer.<\/span><\/p>\n<p><span style=\"font-size: 17px;\">Hinweis: der aktive Einsatz geht immer in beide Richtungen (also Schmerz beseitigen und erzeugen, Psychosen ab- oder aufbauen); <\/span><\/p>\n<p><span style=\"font-size: 17px;\">Reichweite: Sichtkontakt f\u00fcr einfache Anwendungen ansonsten ist direkter K\u00f6rperkontakt notwendig.<\/span><\/p>\n<p><span style=\"font-size: 17px;\">Generell kostet der Einsatz der F\u00e4higkeiten viel Energie, die durch Nahrung und Schlaf erneuert werden muss. Unter den Asgoniden ist es \u00fcblich ungefragt diese F\u00e4higkeiten bei Untergebenen (urspr\u00fcnglich also bei Nichtadligen) einzusetzen aber niemals an Vorgesetzten oder Freunden (urspr\u00fcnglich innerhalb des Adels).<\/span><\/p>\n<p>&nbsp;<\/p>\n<hr \/>\n<h1><strong><span style=\"font-size: 18pt;\">Technik: Asgon-Runabout &#8222;Black Flyer&#8220;<\/span><\/strong><\/h1>\n<p>BEGIN FILE &#8211; Schiffsdatenbank, SFG RKOM TECH &#8211; Dokument KT-A909-01-C0780 1.1, Stardate: 90113.6<\/p>\n<p>&nbsp;<\/p>\n<p>Klassifikation: leichte Korvette<\/p>\n<p>Prim\u00e4rmission: Verteidigung, Spezialeins\u00e4tze<\/p>\n<p>Sekund\u00e4rmission: Aufkl\u00e4rung, Eskorte, Erkundung<\/p>\n<p>Dienstzeit: 2403 &#8211; Heute<\/p>\n<p>Entwurf: Asgonidisches Milit\u00e4r<\/p>\n<p>Dies ist ein Testschiff, wenn die Klasse erfolgreich ist, dann wird die Flotte von Asgon damit ausgestattet. Die bisherigen Schiffe haben ihren Namen von der Au\u00dfenfarbe erhalten. Der Black &#8218;Flyer&#8216; ist die neueste Version des Typen.<\/p>\n<h2>Struktur<\/h2>\n<p>Breite (X): 11 m (mit abgewinkelten Fl\u00fcgeln 7,5 m)<\/p>\n<p>H\u00f6he (Y): 5 m (inkl. abgewinkelter Fl\u00fcgel 3 m Cockpith\u00f6he)<\/p>\n<p>L\u00e4nge (Z): 20 m<\/p>\n<p>Masse: geheim |<\/p>\n<p>Decks: 1 |<\/p>\n<p>Trennungsoption: nein<\/p>\n<p>Modulsystem: nein<\/p>\n<p>atmosph\u00e4rischer Flug: ja<\/p>\n<p>Bildliche Darstellung der Au\u00dfenh\u00fclle \/images\/technik\/asgonflyer1.jpg \/images\/technik\/asgonflyer2.jpg<\/p>\n<h4>Allgemeine Bemerkungen<\/h4>\n<p>Der Black Flyer ist einer der Prototypen, die auf Asgon zur Verteidigung des Planeten und teilweise zur Verst\u00e4rkung der Schiffe (eventuell auch UFP) verwendet werden sollen.<\/p>\n<p>&nbsp;<\/p>\n<p>Aus den Aufzeichnungen der Sternenflotte:<\/p>\n<p>Auf seinen Fl\u00fcgeln befindet sich das Zeichen der asgonidischen Flotte.<\/p>\n<p>Schilde, Bewaffnung und Sensorik sind der UFP nicht bekannt.\u00a0 Die schwarze Oberfl\u00e4che scheint eine Kennung und Scans stark abzulenken. Somit sind die Werte nicht ermittelbar. Weiterhin musste festgestellt werden, dass die Kommunikationsreichweite auf ca. 50 Lichtjahre beschr\u00e4nkt ist.<\/p>\n<p>Mit Warp 6,0 durchschnittliche Marschgeschwindigkeit im mittleren Bereich der Schiffe, wobei das Versagen des Antriebs noch nicht getestet wurde. Der Warpkern wurde auf die Minimalgr\u00f6\u00dfe reduziert, um das Schiff klein und leicht zu halten. Das zentral gelegene Triebwerk leistet bisher gute Arbeit.<\/p>\n<p>Der Flyer hat schmale schwenkbare Fl\u00fcgel, die sich je nach Geschwindigkeit der Stellung anpassen. (Schnell &#8211; mehr angewinkelt). Im Hangar kann so die Fl\u00e4che des Flyers auf ein Minimum reduzieren. Das Cockpit wird \u00fcber eine Treppe erreicht. Im Inneren des Schiffes haben zwei Personen Platz, wobei der eine Sitz dann vom TAK eingenommen wird.<\/p>\n<p>Laut Aussagen des Flug-Personals wird der Flyer mit Hilfe eines Steuerkn\u00fcppel geflogen wird, wobei noch weitere Anzeigen \u00fcber eine Konsole bereit gestellt werden. Eine Bewaffnung war bis jetzt noch nicht zu erkennen. Es ist aber\u00a0 ausgeschlossen, dass der einem Kampfjet gleichenden Flyer keine Verteidigung besitzt. [geheim: Diese Klasse ist extrem wendig und erlaubt schwierige Flugman\u00f6ver, dies ist auch n\u00f6tig da die Schnellfeuerdisruptorpulskanonen nicht ausrichtbar sind. Demzufolge muss der Pilot das Schiff in die entsprechende Lage bringen um das Treffen des Zieles zu erm\u00f6glichen. Weiterhin ist eine direkte Verbindung Pilot &#8211; Flyer notwendig.]<\/p>\n<p>Zus\u00e4tzliche Bemerkung zum Flug in Atmosph\u00e4ren:<\/p>\n<p>Das Schiff b\u00fc\u00dft nichts in seiner Wendigkeit und Geschwindigkeit beim Flug in der Atmosph\u00e4re ein. Es ist maximal mit Impulse 1\/2 zu fliegen.<\/p>\n<h5>Technische Daten<\/h5>\n<p>Warpsysteme<\/p>\n<p>Energieerzeugung: Mini-Fusions-Reaktor<\/p>\n<p>Warpgondeln: 1 (zentral)<\/p>\n<p>Bauweise: unbekannt<\/p>\n<p>Marschgeschwindigkeit: Warp 6,0<\/p>\n<p>H\u00f6chst-Dauergeschwindigkeit: Warp 7,2 (maximal 11 Stunden)<\/p>\n<p>Notfall-Geschwindigkeit: Warp 7,28<\/p>\n<p>Versagen des Antriebs: noch nicht getestet<\/p>\n<p>Impulssysteme<\/p>\n<p>Energieerzeugung: Fusionsreaktoren<\/p>\n<p>Bauart: unbekannt<\/p>\n<p>Triebwerke: 1<\/p>\n<p>Taktische Systeme<\/p>\n<p>Phaser Typ: 2 MK V Schnellfeuerdisruptorpulskanonen\u00a0 \u00a0je einer an linker und rechter Tragfl\u00e4che, nicht ausrichtbar, einklappbar<\/p>\n<p>Schilde<\/p>\n<p>Typ: geheim<\/p>\n<p>H\u00fclle<\/p>\n<p>Typ: Im Gegensatz zu der Hautfarbe der Asgon (wei\u00df) hat dieses kleine Kampfschiff eine seidig gl\u00e4nzende schwarze Farbe. Dadurch werden Strahlen nicht reflektiert, dies betrifft auch einige Sensorenscanner. Das Material ist geheim und wird auch nicht bekannt gegeben.<\/p>\n<p>Sensorensystem Typ: Standard-Sensorensystem mit verbesserter Taktischer Konsole tlw im Visier. Sensorst\u00f6rphalanx<\/p>\n<p>Traktorstrahl:nein<\/p>\n<p>Mannschafts- und Hilfssysteme<\/p>\n<p>Mannschaft (nominell): 2<\/p>\n<p>Mannschaft (Maximalkapazit\u00e4t): 2<\/p>\n<p>Medizin: &#8211;<\/p>\n<p>Transporter (Personen): keinen<\/p>\n<p>Zus\u00e4tzliche Raumfahrzeuge: Keine<\/p>\n<p>Deckeinteilung\u00a0 1 &#8211; Cockpit<\/p>\n<p>Typische Besetzung: 1 Pilot, 1 Passagier oder TAK<\/p>\n<hr \/>\n","protected":false},"excerpt":{"rendered":"<p>Asgon &#8211; Arcturus 3 &nbsp; Die Asgon Starfleet A-9912-Cr5, Stardate: 51217.0000 (70912.2200) Physiologie &amp; Biologie Eine humanoide Spezies die sich auf dem 3. Planeten der Roten Sonne Arcturus Alpha entwickelt hat. Wesentliche Unterschiede zu Menschen entstanden aus der speziellen Umgebung: Der Planet hat nur eine Anziehungskraft von 75% des Erdstandards und entsprechend eine d\u00fcnne Atmosph\u00e4re&#8230;<\/p>\n<p class=\"more-link-wrap\"><a href=\"https:\/\/sf-germany.com\/einheiten\/usb-midgard\/info-terminal\/asgon\/\" class=\"more-link\">Read More<span class=\"screen-reader-text\"> &ldquo;Asgon&rdquo;<\/span> &raquo;<\/a><\/p>\n","protected":false},"author":5,"featured_media":0,"parent":292,"menu_order":2,"comment_status":"closed","ping_status":"closed","template":"","meta":{"footnotes":""},"class_list":["post-1087","page","type-page","status-publish","hentry"],"_links":{"self":[{"href":"https:\/\/sf-germany.com\/einheiten\/usb-midgard\/wp-json\/wp\/v2\/pages\/1087","targetHints":{"allow":["GET"]}}],"collection":[{"href":"https:\/\/sf-germany.com\/einheiten\/usb-midgard\/wp-json\/wp\/v2\/pages"}],"about":[{"href":"https:\/\/sf-germany.com\/einheiten\/usb-midgard\/wp-json\/wp\/v2\/types\/page"}],"author":[{"embeddable":true,"href":"https:\/\/sf-germany.com\/einheiten\/usb-midgard\/wp-json\/wp\/v2\/users\/5"}],"replies":[{"embeddable":true,"href":"https:\/\/sf-germany.com\/einheiten\/usb-midgard\/wp-json\/wp\/v2\/comments?post=1087"}],"version-history":[{"count":1,"href":"https:\/\/sf-germany.com\/einheiten\/usb-midgard\/wp-json\/wp\/v2\/pages\/1087\/revisions"}],"predecessor-version":[{"id":1088,"href":"https:\/\/sf-germany.com\/einheiten\/usb-midgard\/wp-json\/wp\/v2\/pages\/1087\/revisions\/1088"}],"up":[{"embeddable":true,"href":"https:\/\/sf-germany.com\/einheiten\/usb-midgard\/wp-json\/wp\/v2\/pages\/292"}],"wp:attachment":[{"href":"https:\/\/sf-germany.com\/einheiten\/usb-midgard\/wp-json\/wp\/v2\/media?parent=1087"}],"curies":[{"name":"wp","href":"https:\/\/api.w.org\/{rel}","templated":true}]}}